{"id":20209,"date":"2024-07-09T23:56:13","date_gmt":"2024-07-09T21:56:13","guid":{"rendered":"https:\/\/eterle.cz\/eshop\/produkt\/sada-taliru-pro-4-wedgwood\/"},"modified":"2025-06-24T01:55:35","modified_gmt":"2025-06-23T23:55:35","slug":"sada-taliru-pro-4-wedgwood","status":"publish","type":"product","link":"https:\/\/eterle.cz\/eshop\/produkt\/sada-taliru-pro-4-wedgwood\/","title":{"rendered":"Sada tal\u00ed\u0159\u016f pro 4 \/ Wedgwood"},"content":{"rendered":"<p>J\u00eddeln\u00ed sada pro 4 od exkluzivn\u00ed zna\u010dky Wedgwood z \u0159ady Royal homes of Britan v kr\u00e9mov\u00e9 barv\u011b s ru\u010dn\u011b malovan\u00fdm motivem anglick\u00e9ho venkova. Pou\u017eity jsou velmi odoln\u00e9 barvy a malba je pod glazurou. Josiah Wedgwood poprv\u00e9 p\u0159edstavil svou kr\u00e9mov\u011b zbarvenou keramiku v 60. letech 18. stolet\u00ed. Kr\u00e1lovn\u011b Charlotte daroval \u010dajov\u00fd servis v tomto nov\u00e9m proveden\u00ed a ona si ho zamilovala natolik, \u017ee ho po\u017e\u00e1dala, aby jej nazval &#8222;Queen\u2019s Ware&#8220;. Toto ozna\u010den\u00ed se pou\u017e\u00edv\u00e1 dodnes.<\/p>\n<p>Stav: velmi dobr\u00fd; pouze jeden dezertn\u00ed tal\u00ed\u0159 m\u00e1 vlasovou prasklinu; n\u011bkter\u00e9 tal\u00ed\u0159e maj\u00ed pavu\u010dinkov\u011b zkrakelovanou glazuru, co\u017e  je u tohoto porcl\u00e1nu b\u011b\u017en\u00e9<br \/>\nZna\u010dka: Wedgwood<br \/>\nRozm\u011br<br \/>\nPr\u016fm\u011br m\u011blk\u00e9ho tal\u00ed\u0159e: 24 cm<br \/>\nPr\u016fm\u011br hlubok\u00e9ho tal\u00ed\u0159e: 21,5 cm<br \/>\nPr\u016fm\u011br dezertn\u00edho tal\u00ed\u0159e: 19 cm<\/p>\n","protected":false},"excerpt":{"rendered":"<p>J\u00eddeln\u00ed sada pro 4 od exkluzivn\u00ed zna\u010dky Wedgwood z \u0159ady Royal homes of Britan v kr\u00e9mov\u00e9 barv\u011b s ru\u010dn\u011b malovan\u00fdm<\/p>\n","protected":false},"featured_media":20210,"template":"","meta":[],"product_brand":[153],"product_cat":[76,111],"product_tag":[],"class_list":{"0":"post-20209","1":"product","2":"type-product","3":"status-publish","4":"has-post-thumbnail","6":"product_brand-eterle-cz","7":"product_cat-porcelan","8":"product_cat-porcelanove-sady","10":"first","11":"instock","12":"purchasable","13":"product-type-simple"},"_links":{"self":[{"href":"https:\/\/eterle.cz\/eshop\/wp-json\/wp\/v2\/product\/20209","targetHints":{"allow":["GET"]}}],"collection":[{"href":"https:\/\/eterle.cz\/eshop\/wp-json\/wp\/v2\/product"}],"about":[{"href":"https:\/\/eterle.cz\/eshop\/wp-json\/wp\/v2\/types\/product"}],"version-history":[{"count":1,"href":"https:\/\/eterle.cz\/eshop\/wp-json\/wp\/v2\/product\/20209\/revisions"}],"predecessor-version":[{"id":26506,"href":"https:\/\/eterle.cz\/eshop\/wp-json\/wp\/v2\/product\/20209\/revisions\/26506"}],"wp:featuredmedia":[{"embeddable":true,"href":"https:\/\/eterle.cz\/eshop\/wp-json\/wp\/v2\/media\/20210"}],"wp:attachment":[{"href":"https:\/\/eterle.cz\/eshop\/wp-json\/wp\/v2\/media?parent=20209"}],"wp:term":[{"taxonomy":"product_brand","embeddable":true,"href":"https:\/\/eterle.cz\/eshop\/wp-json\/wp\/v2\/product_brand?post=20209"},{"taxonomy":"product_cat","embeddable":true,"href":"https:\/\/eterle.cz\/eshop\/wp-json\/wp\/v2\/product_cat?post=20209"},{"taxonomy":"product_tag","embeddable":true,"href":"https:\/\/eterle.cz\/eshop\/wp-json\/wp\/v2\/product_tag?post=20209"}],"curies":[{"name":"wp","href":"https:\/\/api.w.org\/{rel}","templated":true}]}}