{"id":20240,"date":"2024-07-09T23:57:12","date_gmt":"2024-07-09T21:57:12","guid":{"rendered":"https:\/\/eterle.cz\/eshop\/produkt\/sada-mis-a-omacnik\/"},"modified":"2025-06-24T01:55:35","modified_gmt":"2025-06-23T23:55:35","slug":"sada-mis-a-omacnik","status":"publish","type":"product","link":"https:\/\/eterle.cz\/eshop\/produkt\/sada-mis-a-omacnik\/","title":{"rendered":"Sada m\u00eds a om\u00e1\u010dn\u00edk"},"content":{"rendered":"<p>Sada m\u00eds a om\u00e1\u010dn\u00edk zdobeny po obvodu  jemn\u00fdm zlat\u00fdm a modr\u00fdm vzorem. Sada poch\u00e1z\u00ed z obdob\u00ed 1. Republiky. <\/p>\n<p>Sada obsahuje: m\u00edsu s poklopem, ov\u00e1lnou m\u00edsu, velk\u00e1 kulat\u00e1 m\u00edsa, om\u00e1\u010dn\u00edk<\/p>\n<p>Stav: velmi dobr\u00fd, bez \u0161k\u00e1banc\u016f, m\u00edsty lehounce set\u0159ena zlat\u00e1 linku<br \/>\nRozm\u011br<br \/>\nObjem m\u00edsy s poklopem: 800 ml<br \/>\nOv\u00e1ln\u00e1 m\u00edsa: 34 x 23 cm<br \/>\nKulat\u00e1 m\u00edsa: 31,5 cm<br \/>\nObjem om\u00e1\u010dn\u00edku: 350 ml<\/p>\n","protected":false},"excerpt":{"rendered":"<p>Sada m\u00eds a om\u00e1\u010dn\u00edk zdobeny po obvodu jemn\u00fdm zlat\u00fdm a modr\u00fdm vzorem. Sada poch\u00e1z\u00ed z obdob\u00ed 1. Republiky. Sada obsahuje:<\/p>\n","protected":false},"featured_media":20241,"template":"","meta":[],"product_brand":[153],"product_cat":[76,111],"product_tag":[],"class_list":{"0":"post-20240","1":"product","2":"type-product","3":"status-publish","4":"has-post-thumbnail","6":"product_brand-eterle-cz","7":"product_cat-porcelan","8":"product_cat-porcelanove-sady","10":"first","11":"instock","12":"purchasable","13":"product-type-simple"},"_links":{"self":[{"href":"https:\/\/eterle.cz\/eshop\/wp-json\/wp\/v2\/product\/20240","targetHints":{"allow":["GET"]}}],"collection":[{"href":"https:\/\/eterle.cz\/eshop\/wp-json\/wp\/v2\/product"}],"about":[{"href":"https:\/\/eterle.cz\/eshop\/wp-json\/wp\/v2\/types\/product"}],"version-history":[{"count":1,"href":"https:\/\/eterle.cz\/eshop\/wp-json\/wp\/v2\/product\/20240\/revisions"}],"predecessor-version":[{"id":26504,"href":"https:\/\/eterle.cz\/eshop\/wp-json\/wp\/v2\/product\/20240\/revisions\/26504"}],"wp:featuredmedia":[{"embeddable":true,"href":"https:\/\/eterle.cz\/eshop\/wp-json\/wp\/v2\/media\/20241"}],"wp:attachment":[{"href":"https:\/\/eterle.cz\/eshop\/wp-json\/wp\/v2\/media?parent=20240"}],"wp:term":[{"taxonomy":"product_brand","embeddable":true,"href":"https:\/\/eterle.cz\/eshop\/wp-json\/wp\/v2\/product_brand?post=20240"},{"taxonomy":"product_cat","embeddable":true,"href":"https:\/\/eterle.cz\/eshop\/wp-json\/wp\/v2\/product_cat?post=20240"},{"taxonomy":"product_tag","embeddable":true,"href":"https:\/\/eterle.cz\/eshop\/wp-json\/wp\/v2\/product_tag?post=20240"}],"curies":[{"name":"wp","href":"https:\/\/api.w.org\/{rel}","templated":true}]}}