{"id":20313,"date":"2024-07-09T23:59:17","date_gmt":"2024-07-09T21:59:17","guid":{"rendered":"https:\/\/eterle.cz\/eshop\/produkt\/cajova-sada-pro-6-seltmann-weiden\/"},"modified":"2025-06-24T01:55:34","modified_gmt":"2025-06-23T23:55:34","slug":"cajova-sada-pro-6-seltmann-weiden","status":"publish","type":"product","link":"https:\/\/eterle.cz\/eshop\/produkt\/cajova-sada-pro-6-seltmann-weiden\/","title":{"rendered":"\u010cajov\u00e1 sada pro 6 \/ Seltmann Weiden"},"content":{"rendered":"<p>\u010cajov\u00e1 sada pro 6 osob od n\u011bmeck\u00e9 porcel\u00e1nky Seltmann Weiden zdoben\u00e1 l\u00edb\u00edv\u00fdm motivem kv\u011btin v ve dvou odst\u00ednech modr\u00e9 barvy. Kr\u00e1sn\u011b vypad\u00e1 v kombinaci se \u017elutou , doporu\u010dujeme tedy na m\u00edse serv\u00edrovat citr\u00f3nov\u00fd kol\u00e1\u010d \ud83d\ude42<\/p>\n<p>Sada obsahuje: \u010dajovou konvici, ml\u00e9kovku, cuk\u0159enku, 6x hrne\u010dek s pod\u0161\u00e1lkem, ov\u00e1lnou m\u00edsu<\/p>\n<p>Stav: velmi dobr\u00fd<br \/>\nZna\u010dka: Seltmann Weiden<br \/>\nRozm\u011br<br \/>\nObjem konvice: 1,250 l<br \/>\nObjem ml\u00e9kovky: 100 ml<br \/>\nV\u00fd\u0161ka cuk\u0159enky: 11 cm<br \/>\nObjem hrne\u010dku: 120 ml<br \/>\nPr\u016fm\u011br pod\u0161\u00e1lku: 14 cm<br \/>\nOv\u00e1ln\u00e1 m\u00edsa: 23 x 35 cm<\/p>\n","protected":false},"excerpt":{"rendered":"<p>\u010cajov\u00e1 sada pro 6 osob od n\u011bmeck\u00e9 porcel\u00e1nky Seltmann Weiden zdoben\u00e1 l\u00edb\u00edv\u00fdm motivem kv\u011btin v ve dvou odst\u00ednech modr\u00e9 barvy.<\/p>\n","protected":false},"featured_media":20314,"template":"","meta":[],"product_brand":[153],"product_cat":[76,111],"product_tag":[],"class_list":{"0":"post-20313","1":"product","2":"type-product","3":"status-publish","4":"has-post-thumbnail","6":"product_brand-eterle-cz","7":"product_cat-porcelan","8":"product_cat-porcelanove-sady","10":"first","11":"instock","12":"sale","13":"purchasable","14":"product-type-simple"},"_links":{"self":[{"href":"https:\/\/eterle.cz\/eshop\/wp-json\/wp\/v2\/product\/20313","targetHints":{"allow":["GET"]}}],"collection":[{"href":"https:\/\/eterle.cz\/eshop\/wp-json\/wp\/v2\/product"}],"about":[{"href":"https:\/\/eterle.cz\/eshop\/wp-json\/wp\/v2\/types\/product"}],"version-history":[{"count":1,"href":"https:\/\/eterle.cz\/eshop\/wp-json\/wp\/v2\/product\/20313\/revisions"}],"predecessor-version":[{"id":26499,"href":"https:\/\/eterle.cz\/eshop\/wp-json\/wp\/v2\/product\/20313\/revisions\/26499"}],"wp:featuredmedia":[{"embeddable":true,"href":"https:\/\/eterle.cz\/eshop\/wp-json\/wp\/v2\/media\/20314"}],"wp:attachment":[{"href":"https:\/\/eterle.cz\/eshop\/wp-json\/wp\/v2\/media?parent=20313"}],"wp:term":[{"taxonomy":"product_brand","embeddable":true,"href":"https:\/\/eterle.cz\/eshop\/wp-json\/wp\/v2\/product_brand?post=20313"},{"taxonomy":"product_cat","embeddable":true,"href":"https:\/\/eterle.cz\/eshop\/wp-json\/wp\/v2\/product_cat?post=20313"},{"taxonomy":"product_tag","embeddable":true,"href":"https:\/\/eterle.cz\/eshop\/wp-json\/wp\/v2\/product_tag?post=20313"}],"curies":[{"name":"wp","href":"https:\/\/api.w.org\/{rel}","templated":true}]}}