{"id":20399,"date":"2024-07-10T00:01:43","date_gmt":"2024-07-09T22:01:43","guid":{"rendered":"https:\/\/eterle.cz\/eshop\/produkt\/cajova-konvice-2\/"},"modified":"2025-02-16T02:45:30","modified_gmt":"2025-02-16T01:45:30","slug":"cajova-konvice-2","status":"publish","type":"product","link":"https:\/\/eterle.cz\/eshop\/produkt\/cajova-konvice-2\/","title":{"rendered":"\u010cajov\u00e1 konvice"},"content":{"rendered":"<p>Velk\u00e1 \u010dajov\u00e1 konvice z obdob\u00ed Art deca zdobena typick\u00fdm vzorem dan\u00e9 doby lad\u011bn\u00e9 do modr\u00e9 barvy.<\/p>\n<p>Stav: dobr\u00fd<br \/>\nObjem: 1,5 l<\/p>\n","protected":false},"excerpt":{"rendered":"<p>Velk\u00e1 \u010dajov\u00e1 konvice z obdob\u00ed Art deca zdobena typick\u00fdm vzorem dan\u00e9 doby lad\u011bn\u00e9 do modr\u00e9 barvy. Stav: dobr\u00fd Objem: 1,5<\/p>\n","protected":false},"featured_media":20400,"template":"","meta":[],"product_brand":[153],"product_cat":[91],"product_tag":[],"class_list":{"0":"post-20399","1":"product","2":"type-product","3":"status-publish","4":"has-post-thumbnail","6":"product_brand-eterle-cz","7":"product_cat-prodane","9":"first","10":"outofstock","11":"purchasable","12":"product-type-simple"},"_links":{"self":[{"href":"https:\/\/eterle.cz\/eshop\/wp-json\/wp\/v2\/product\/20399","targetHints":{"allow":["GET"]}}],"collection":[{"href":"https:\/\/eterle.cz\/eshop\/wp-json\/wp\/v2\/product"}],"about":[{"href":"https:\/\/eterle.cz\/eshop\/wp-json\/wp\/v2\/types\/product"}],"version-history":[{"count":0,"href":"https:\/\/eterle.cz\/eshop\/wp-json\/wp\/v2\/product\/20399\/revisions"}],"wp:featuredmedia":[{"embeddable":true,"href":"https:\/\/eterle.cz\/eshop\/wp-json\/wp\/v2\/media\/20400"}],"wp:attachment":[{"href":"https:\/\/eterle.cz\/eshop\/wp-json\/wp\/v2\/media?parent=20399"}],"wp:term":[{"taxonomy":"product_brand","embeddable":true,"href":"https:\/\/eterle.cz\/eshop\/wp-json\/wp\/v2\/product_brand?post=20399"},{"taxonomy":"product_cat","embeddable":true,"href":"https:\/\/eterle.cz\/eshop\/wp-json\/wp\/v2\/product_cat?post=20399"},{"taxonomy":"product_tag","embeddable":true,"href":"https:\/\/eterle.cz\/eshop\/wp-json\/wp\/v2\/product_tag?post=20399"}],"curies":[{"name":"wp","href":"https:\/\/api.w.org\/{rel}","templated":true}]}}