{"id":20434,"date":"2024-07-10T00:02:41","date_gmt":"2024-07-09T22:02:41","guid":{"rendered":"https:\/\/eterle.cz\/eshop\/produkt\/cajova-sada-kpm\/"},"modified":"2025-06-24T01:55:33","modified_gmt":"2025-06-23T23:55:33","slug":"cajova-sada-kpm","status":"publish","type":"product","link":"https:\/\/eterle.cz\/eshop\/produkt\/cajova-sada-kpm\/","title":{"rendered":"\u010cajov\u00e1 sada \/ KPM"},"content":{"rendered":"<p>\u010cajov\u00e1 sada od n\u011bmeck\u00e9 kr\u00e1lovsk\u00e9 porcel\u00e1nky KPM, kter\u00e1 p\u016fsob\u00ed na trhu ji\u017e v\u00edce ne\u017e 250 let a specializuje se na v\u00fdrobu vysoce kvalitn\u00edho dekorativn\u00edho um\u011bn\u00ed. Konvice p\u0159ipom\u00edn\u00e1 sv\u00fdm tvarem aladinovu lampu, ale rozhodn\u011b dekorem nep\u016fsob\u00ed orient\u00e1ln\u011b. Vzor je typick\u00fd pro 60. l\u00e9ta jak kresbou tak pastelov\u00fdmi barvami.<\/p>\n<p>Sada obsahuje: \u010dajovou konvici, ml\u00e9kovku a cuk\u0159enku<\/p>\n<p>Stav: dobr\u00fd<br \/>\nZna\u010dka: KPM<br \/>\nRorm\u011br<br \/>\nObjem konvice: 1 l<br \/>\nObjem ml\u00e9kovky: 200 ml<br \/>\nV\u00fd\u0161ka cuk\u0159enky: 9 cm<\/p>\n","protected":false},"excerpt":{"rendered":"<p>\u010cajov\u00e1 sada od n\u011bmeck\u00e9 kr\u00e1lovsk\u00e9 porcel\u00e1nky KPM, kter\u00e1 p\u016fsob\u00ed na trhu ji\u017e v\u00edce ne\u017e 250 let a specializuje se na<\/p>\n","protected":false},"featured_media":20435,"template":"","meta":[],"product_brand":[153],"product_cat":[76,111],"product_tag":[],"class_list":{"0":"post-20434","1":"product","2":"type-product","3":"status-publish","4":"has-post-thumbnail","6":"product_brand-eterle-cz","7":"product_cat-porcelan","8":"product_cat-porcelanove-sady","10":"first","11":"instock","12":"sale","13":"purchasable","14":"product-type-simple"},"_links":{"self":[{"href":"https:\/\/eterle.cz\/eshop\/wp-json\/wp\/v2\/product\/20434","targetHints":{"allow":["GET"]}}],"collection":[{"href":"https:\/\/eterle.cz\/eshop\/wp-json\/wp\/v2\/product"}],"about":[{"href":"https:\/\/eterle.cz\/eshop\/wp-json\/wp\/v2\/types\/product"}],"version-history":[{"count":1,"href":"https:\/\/eterle.cz\/eshop\/wp-json\/wp\/v2\/product\/20434\/revisions"}],"predecessor-version":[{"id":26492,"href":"https:\/\/eterle.cz\/eshop\/wp-json\/wp\/v2\/product\/20434\/revisions\/26492"}],"wp:featuredmedia":[{"embeddable":true,"href":"https:\/\/eterle.cz\/eshop\/wp-json\/wp\/v2\/media\/20435"}],"wp:attachment":[{"href":"https:\/\/eterle.cz\/eshop\/wp-json\/wp\/v2\/media?parent=20434"}],"wp:term":[{"taxonomy":"product_brand","embeddable":true,"href":"https:\/\/eterle.cz\/eshop\/wp-json\/wp\/v2\/product_brand?post=20434"},{"taxonomy":"product_cat","embeddable":true,"href":"https:\/\/eterle.cz\/eshop\/wp-json\/wp\/v2\/product_cat?post=20434"},{"taxonomy":"product_tag","embeddable":true,"href":"https:\/\/eterle.cz\/eshop\/wp-json\/wp\/v2\/product_tag?post=20434"}],"curies":[{"name":"wp","href":"https:\/\/api.w.org\/{rel}","templated":true}]}}