{"id":21345,"date":"2024-10-14T14:02:30","date_gmt":"2024-10-14T12:02:30","guid":{"rendered":"https:\/\/eterle.cz\/eshop\/produkt\/konferencni-stolek-opaxitove-sklo-3\/"},"modified":"2025-02-16T02:45:20","modified_gmt":"2025-02-16T01:45:20","slug":"konferencni-stolek-opaxitove-sklo-3","status":"publish","type":"product","link":"https:\/\/eterle.cz\/eshop\/produkt\/konferencni-stolek-opaxitove-sklo-3\/","title":{"rendered":"Konferen\u010dn\u00ed stolek opaxitov\u00e9 sklo"},"content":{"rendered":"<p>Konferen\u010dn\u00ed stolek z 60. let 20. stolet\u00ed, kter\u00fd je posledn\u00ed dobou velmi obl\u00edben\u00fd a st\u00e1le stoup\u00e1 na cen\u011b. Byl vyroben\u00fd v podniku Interier Praha podle n\u00e1vrhu Ji\u0159\u00edho Jiroutka a d\u011blal se ve dvou variant\u00e1ch &#8211; s b\u00edlou nebo \u010dernou sklen\u011bnou opaxitovou deskou. Podno\u017e\u00ed stolu je z masivn\u00edho bukov\u00e9ho d\u0159eva. Sklen\u011bn\u00e1 deska je vyj\u00edmateln\u00e1, tak\u017ee opatrn\u011b p\u0159i manipulaci, a\u0165 v\u00e1m nevypadne.<\/p>\n<p>Stav: p\u016fvodn\u00ed zachoval\u00fd s drobnou patinou d\u0159eva, sklo v po\u0159\u00e1dku<br \/>\nRozm\u011br<br \/>\nV\u00fd\u0161ka: 60 cm<br \/>\n\u0160\u00ed\u0159ka: 54,5 cm<br \/>\nD\u00e9lka: 120 cm<\/p>\n","protected":false},"excerpt":{"rendered":"<p>Konferen\u010dn\u00ed stolek z 60. let 20. stolet\u00ed, kter\u00fd je posledn\u00ed dobou velmi obl\u00edben\u00fd a st\u00e1le stoup\u00e1 na cen\u011b. Byl vyroben\u00fd<\/p>\n","protected":false},"featured_media":20858,"template":"","meta":[],"product_brand":[153],"product_cat":[91],"product_tag":[],"class_list":{"0":"post-21345","1":"product","2":"type-product","3":"status-publish","4":"has-post-thumbnail","6":"product_brand-eterle-cz","7":"product_cat-prodane","8":"product_shipping_class-nadrozmerne","10":"first","11":"outofstock","12":"purchasable","13":"product-type-simple"},"_links":{"self":[{"href":"https:\/\/eterle.cz\/eshop\/wp-json\/wp\/v2\/product\/21345","targetHints":{"allow":["GET"]}}],"collection":[{"href":"https:\/\/eterle.cz\/eshop\/wp-json\/wp\/v2\/product"}],"about":[{"href":"https:\/\/eterle.cz\/eshop\/wp-json\/wp\/v2\/types\/product"}],"version-history":[{"count":0,"href":"https:\/\/eterle.cz\/eshop\/wp-json\/wp\/v2\/product\/21345\/revisions"}],"wp:featuredmedia":[{"embeddable":true,"href":"https:\/\/eterle.cz\/eshop\/wp-json\/wp\/v2\/media\/20858"}],"wp:attachment":[{"href":"https:\/\/eterle.cz\/eshop\/wp-json\/wp\/v2\/media?parent=21345"}],"wp:term":[{"taxonomy":"product_brand","embeddable":true,"href":"https:\/\/eterle.cz\/eshop\/wp-json\/wp\/v2\/product_brand?post=21345"},{"taxonomy":"product_cat","embeddable":true,"href":"https:\/\/eterle.cz\/eshop\/wp-json\/wp\/v2\/product_cat?post=21345"},{"taxonomy":"product_tag","embeddable":true,"href":"https:\/\/eterle.cz\/eshop\/wp-json\/wp\/v2\/product_tag?post=21345"}],"curies":[{"name":"wp","href":"https:\/\/api.w.org\/{rel}","templated":true}]}}