{"id":21354,"date":"2024-10-14T14:03:22","date_gmt":"2024-10-14T12:03:22","guid":{"rendered":"https:\/\/eterle.cz\/eshop\/produkt\/konferencni-stolek-9\/"},"modified":"2025-06-24T01:55:30","modified_gmt":"2025-06-23T23:55:30","slug":"konferencni-stolek-9","status":"publish","type":"product","link":"https:\/\/eterle.cz\/eshop\/produkt\/konferencni-stolek-9\/","title":{"rendered":"Konferen\u010dn\u00ed stolek"},"content":{"rendered":"<p>Subtiln\u00ed konferen\u010dn\u00ed stolek v kombinaci tmav\u011b hn\u011bd\u00e9 desky a \u010dern\u00fdch tenk\u00fdch nohou p\u016fsob\u00ed velmi elegantn\u011b.<\/p>\n<p>Stav: p\u016fvodn\u00ed zachoval\u00fd<br \/>\nRozm\u011br<br \/>\nV\u00fd\u0161ka: 67 cm<br \/>\n\u0160\u00ed\u0159ka: 77 cm<br \/>\nHloubka: 52 cm<\/p>\n","protected":false},"excerpt":{"rendered":"<p>Subtiln\u00ed konferen\u010dn\u00ed stolek v kombinaci tmav\u011b hn\u011bd\u00e9 desky a \u010dern\u00fdch tenk\u00fdch nohou p\u016fsob\u00ed velmi elegantn\u011b. Stav: p\u016fvodn\u00ed zachoval\u00fd Rozm\u011br V\u00fd\u0161ka:<\/p>\n","protected":false},"featured_media":20876,"template":"","meta":[],"product_brand":[153],"product_cat":[130,124],"product_tag":[],"class_list":{"0":"post-21354","1":"product","2":"type-product","3":"status-publish","4":"has-post-thumbnail","6":"product_brand-eterle-cz","7":"product_cat-nabytek","8":"product_cat-stoly","9":"product_shipping_class-nadrozmerne","11":"first","12":"instock","13":"purchasable","14":"product-type-simple"},"_links":{"self":[{"href":"https:\/\/eterle.cz\/eshop\/wp-json\/wp\/v2\/product\/21354","targetHints":{"allow":["GET"]}}],"collection":[{"href":"https:\/\/eterle.cz\/eshop\/wp-json\/wp\/v2\/product"}],"about":[{"href":"https:\/\/eterle.cz\/eshop\/wp-json\/wp\/v2\/types\/product"}],"version-history":[{"count":1,"href":"https:\/\/eterle.cz\/eshop\/wp-json\/wp\/v2\/product\/21354\/revisions"}],"predecessor-version":[{"id":26469,"href":"https:\/\/eterle.cz\/eshop\/wp-json\/wp\/v2\/product\/21354\/revisions\/26469"}],"wp:featuredmedia":[{"embeddable":true,"href":"https:\/\/eterle.cz\/eshop\/wp-json\/wp\/v2\/media\/20876"}],"wp:attachment":[{"href":"https:\/\/eterle.cz\/eshop\/wp-json\/wp\/v2\/media?parent=21354"}],"wp:term":[{"taxonomy":"product_brand","embeddable":true,"href":"https:\/\/eterle.cz\/eshop\/wp-json\/wp\/v2\/product_brand?post=21354"},{"taxonomy":"product_cat","embeddable":true,"href":"https:\/\/eterle.cz\/eshop\/wp-json\/wp\/v2\/product_cat?post=21354"},{"taxonomy":"product_tag","embeddable":true,"href":"https:\/\/eterle.cz\/eshop\/wp-json\/wp\/v2\/product_tag?post=21354"}],"curies":[{"name":"wp","href":"https:\/\/api.w.org\/{rel}","templated":true}]}}