{"id":21361,"date":"2024-10-14T14:03:54","date_gmt":"2024-10-14T12:03:54","guid":{"rendered":"https:\/\/eterle.cz\/eshop\/produkt\/kresla-v-teska-2\/"},"modified":"2025-06-24T01:55:29","modified_gmt":"2025-06-23T23:55:29","slug":"kresla-v-teska-2","status":"publish","type":"product","link":"https:\/\/eterle.cz\/eshop\/produkt\/kresla-v-teska-2\/","title":{"rendered":"K\u0159esla \/ V. Teska"},"content":{"rendered":"<p>M\u00e1lo v\u00eddan\u00e1 k\u0159esla z 60. let minul\u00e9ho stolet\u00ed dle n\u00e1vrhu Vlastimila Teska vyrobeno v Hikor P\u00edsek pro IKEA, pouze pro \u0161v\u00e9dsk\u00fd trh. N\u00e1bytek od VlastimilaTesky p\u0159\u00edzniv\u011b ovlivnil \u017eivotn\u00ed styl v tehdej\u0161\u00edm \u010ceskoslovensku. Vedle pr\u00e1ce pro Hikor P\u00edsek tak\u00e9 sochal a maloval a koncem 80. let doch\u00e1z\u00ed v jeho tvorb\u011b k propjen\u00ed obou oblast\u00ed. Jeho motto zn\u00ed: &#8222;Ch\u00e1pu \u017eidli jako sochu na kter\u00e9 se d\u00e1 sed\u011bt.&#8220;.Za svoji pr\u00e1ci z\u00edskal \u0159adu presti\u017en\u00edch n\u00e1bytk\u00e1\u0159sk\u00fdch ocen\u011bn\u00ed. Je zastoupen ve sb\u00edrk\u00e1ch Um\u011bleckopr\u016fmyslov\u00e9ho muzea v Praze, v Moravsk\u00e9 galerii v Brn\u011b a v soukrom\u00fdch sb\u00edrk\u00e1ch u n\u00e1s i v zahrani\u010d\u00ed.<\/p>\n<p>Stav: p\u016fvodn\u00ed zachoval\u00fd, lehk\u00e1 patina d\u0159eva, \u010daloun\u011bn\u00ed v po\u0159\u00e1dku<br \/>\nZna\u010dka: Vlastimil Teska pro Hikor P\u00edsek<br \/>\nRozm\u011br<br \/>\nV\u00fd\u0161ka: 92 cm<br \/>\n\u0160\u00ed\u0159ka: 74 cm<br \/>\nV\u00fd\u0161ka sed\u00e1ku: 41 cm<br \/>\nHloubka: 83 cm<\/p>\n","protected":false},"excerpt":{"rendered":"<p>M\u00e1lo v\u00eddan\u00e1 k\u0159esla z 60. let minul\u00e9ho stolet\u00ed dle n\u00e1vrhu Vlastimila Teska vyrobeno v Hikor P\u00edsek pro IKEA, pouze pro<\/p>\n","protected":false},"featured_media":20890,"template":"","meta":[],"product_brand":[153],"product_cat":[130,122],"product_tag":[],"class_list":{"0":"post-21361","1":"product","2":"type-product","3":"status-publish","4":"has-post-thumbnail","6":"product_brand-eterle-cz","7":"product_cat-nabytek","8":"product_cat-kresla-a-taburety","9":"product_shipping_class-nadrozmerne","11":"first","12":"instock","13":"purchasable","14":"product-type-simple"},"_links":{"self":[{"href":"https:\/\/eterle.cz\/eshop\/wp-json\/wp\/v2\/product\/21361","targetHints":{"allow":["GET"]}}],"collection":[{"href":"https:\/\/eterle.cz\/eshop\/wp-json\/wp\/v2\/product"}],"about":[{"href":"https:\/\/eterle.cz\/eshop\/wp-json\/wp\/v2\/types\/product"}],"version-history":[{"count":1,"href":"https:\/\/eterle.cz\/eshop\/wp-json\/wp\/v2\/product\/21361\/revisions"}],"predecessor-version":[{"id":26464,"href":"https:\/\/eterle.cz\/eshop\/wp-json\/wp\/v2\/product\/21361\/revisions\/26464"}],"wp:featuredmedia":[{"embeddable":true,"href":"https:\/\/eterle.cz\/eshop\/wp-json\/wp\/v2\/media\/20890"}],"wp:attachment":[{"href":"https:\/\/eterle.cz\/eshop\/wp-json\/wp\/v2\/media?parent=21361"}],"wp:term":[{"taxonomy":"product_brand","embeddable":true,"href":"https:\/\/eterle.cz\/eshop\/wp-json\/wp\/v2\/product_brand?post=21361"},{"taxonomy":"product_cat","embeddable":true,"href":"https:\/\/eterle.cz\/eshop\/wp-json\/wp\/v2\/product_cat?post=21361"},{"taxonomy":"product_tag","embeddable":true,"href":"https:\/\/eterle.cz\/eshop\/wp-json\/wp\/v2\/product_tag?post=21361"}],"curies":[{"name":"wp","href":"https:\/\/api.w.org\/{rel}","templated":true}]}}

Křesla / V. Teska

<p>Málo vídaná křesla z 60. let minulého století dle návrhu Vlastimila Teska vyrobeno v Hikor Písek pro IKEA, pouze pro švédský trh. Nábytek od VlastimilaTesky příznivě ovlivnil životní styl v tehdejším Československu. Vedle práce pro Hikor Písek také sochal a maloval a koncem 80. let dochází v jeho tvorbě k propjení obou oblastí. Jeho motto zní: &#8222;Chápu židli jako sochu na které se dá sedět.&#8220;.Za svoji práci získal řadu prestižních nábytkářských ocenění. Je zastoupen ve sbírkách Uměleckoprůmyslového muzea v Praze, v Moravské galerii v Brně a v soukromých sbírkách u nás i v zahraničí.</p>
<p>Stav: původní zachovalý, lehká patina dřeva, čalounění v pořádku<br />
Značka: Vlastimil Teska pro Hikor Písek<br />
Rozměr<br />
Výška: 92 cm<br />
Šířka: 74 cm<br />
Výška sedáku: 41 cm<br />
Hloubka: 83 cm</p>

<p>Málo vídaná křesla z 60. let minulého století dle návrhu Vlastimila Teska vyrobeno v Hikor Písek pro IKEA, pouze pro</p>
