{"id":21363,"date":"2024-10-14T14:04:04","date_gmt":"2024-10-14T12:04:04","guid":{"rendered":"https:\/\/eterle.cz\/eshop\/produkt\/kreslo-tatra-2\/"},"modified":"2025-06-24T01:55:29","modified_gmt":"2025-06-23T23:55:29","slug":"kreslo-tatra-2","status":"publish","type":"product","link":"https:\/\/eterle.cz\/eshop\/produkt\/kreslo-tatra-2\/","title":{"rendered":"K\u0159eslo \/ Tatra"},"content":{"rendered":"<p>Ji\u017e pom\u011brn\u011b vz\u00e1cn\u00e9 d\u0159ev\u011bn\u00e9 k\u0159eslo z \u0161edes\u00e1t\u00fdch let od \u010deskoslovensk\u00e9 n\u00e1bytk\u00e1\u0159sk\u00e9 firmy Tatra Pravenec, kter\u00e1 existovala mezi lety 1958 a 1990. Zab\u00fdval se s\u00e9riovou v\u00fdrobou n\u00e1bytku, zejm\u00e9na sedac\u00edho z oh\u00fdban\u00e9ho d\u0159eva. Jednalo se o levn\u011bj\u0161\u00ed variantu k prvorepublikov\u00e9mu Thonetu. K\u0159eslo je ve velmi zachoval\u00e9m p\u016fvodn\u00edm stavu. M\u00e1 kr\u00e1sn\u011b \u0159e\u0161en\u00e9 podru\u010dky z oh\u00fdban\u00e9 p\u0159ekli\u017eky a celkov\u011b styl elegantn\u00edho d\u00e1nsk\u00e9ho designu.<\/p>\n<p>Stav: velmi dobr\u00fd p\u016fvodn\u00ed<br \/>\nZna\u010dka: Tatra Pravenec<br \/>\nRozm\u011br:<br \/>\nV\u00fd\u0161ka: 80 cm<br \/>\n\u0160\u00ed\u0159ka: 70.5 cm<br \/>\nHloubka: 85 cm<br \/>\nV\u00fd\u0161ka sedu: 35 cm<\/p>\n","protected":false},"excerpt":{"rendered":"<p>Ji\u017e pom\u011brn\u011b vz\u00e1cn\u00e9 d\u0159ev\u011bn\u00e9 k\u0159eslo z \u0161edes\u00e1t\u00fdch let od \u010deskoslovensk\u00e9 n\u00e1bytk\u00e1\u0159sk\u00e9 firmy Tatra Pravenec, kter\u00e1 existovala mezi lety 1958 a<\/p>\n","protected":false},"featured_media":20894,"template":"","meta":[],"product_brand":[153],"product_cat":[130,122],"product_tag":[],"class_list":{"0":"post-21363","1":"product","2":"type-product","3":"status-publish","4":"has-post-thumbnail","6":"product_brand-eterle-cz","7":"product_cat-nabytek","8":"product_cat-kresla-a-taburety","9":"product_shipping_class-nadrozmerne","11":"first","12":"instock","13":"purchasable","14":"product-type-simple"},"_links":{"self":[{"href":"https:\/\/eterle.cz\/eshop\/wp-json\/wp\/v2\/product\/21363","targetHints":{"allow":["GET"]}}],"collection":[{"href":"https:\/\/eterle.cz\/eshop\/wp-json\/wp\/v2\/product"}],"about":[{"href":"https:\/\/eterle.cz\/eshop\/wp-json\/wp\/v2\/types\/product"}],"version-history":[{"count":1,"href":"https:\/\/eterle.cz\/eshop\/wp-json\/wp\/v2\/product\/21363\/revisions"}],"predecessor-version":[{"id":26462,"href":"https:\/\/eterle.cz\/eshop\/wp-json\/wp\/v2\/product\/21363\/revisions\/26462"}],"wp:featuredmedia":[{"embeddable":true,"href":"https:\/\/eterle.cz\/eshop\/wp-json\/wp\/v2\/media\/20894"}],"wp:attachment":[{"href":"https:\/\/eterle.cz\/eshop\/wp-json\/wp\/v2\/media?parent=21363"}],"wp:term":[{"taxonomy":"product_brand","embeddable":true,"href":"https:\/\/eterle.cz\/eshop\/wp-json\/wp\/v2\/product_brand?post=21363"},{"taxonomy":"product_cat","embeddable":true,"href":"https:\/\/eterle.cz\/eshop\/wp-json\/wp\/v2\/product_cat?post=21363"},{"taxonomy":"product_tag","embeddable":true,"href":"https:\/\/eterle.cz\/eshop\/wp-json\/wp\/v2\/product_tag?post=21363"}],"curies":[{"name":"wp","href":"https:\/\/api.w.org\/{rel}","templated":true}]}}