{"id":21367,"date":"2024-10-14T14:04:21","date_gmt":"2024-10-14T12:04:21","guid":{"rendered":"https:\/\/eterle.cz\/eshop\/produkt\/taburet-halabala\/"},"modified":"2025-04-28T17:27:06","modified_gmt":"2025-04-28T15:27:06","slug":"taburet-halabala","status":"publish","type":"product","link":"https:\/\/eterle.cz\/eshop\/produkt\/taburet-halabala\/","title":{"rendered":"Taburet \/ Halabala"},"content":{"rendered":"<p>Ikonick\u00fd taburet tzv. tulip\u00e1n od n\u00e1vrh\u00e1\u0159e Jind\u0159icha Halabaly.<\/p>\n<p>Stav: p\u016fvodn\u00ed zachoval\u00fd, \u010daloun\u011bn\u00ed v po\u0159\u00e1dku<br \/>\nZna\u010dka: Jind\u0159ich Halabala<br \/>\nRozm\u011br<br \/>\nV\u00fd\u0161ka: 42 cm<br \/>\nPr\u016fm\u011br: 39 cm<\/p>\n","protected":false},"excerpt":{"rendered":"<p>Ikonick\u00fd taburet tzv. tulip\u00e1n od n\u00e1vrh\u00e1\u0159e Jind\u0159icha Halabaly. Stav: p\u016fvodn\u00ed zachoval\u00fd, \u010daloun\u011bn\u00ed v po\u0159\u00e1dku Zna\u010dka: Jind\u0159ich Halabala Rozm\u011br V\u00fd\u0161ka: 42<\/p>\n","protected":false},"featured_media":20902,"template":"","meta":[],"product_brand":[153],"product_cat":[91],"product_tag":[],"class_list":{"0":"post-21367","1":"product","2":"type-product","3":"status-publish","4":"has-post-thumbnail","6":"product_brand-eterle-cz","7":"product_cat-prodane","8":"product_shipping_class-nadrozmerne","10":"first","11":"outofstock","12":"purchasable","13":"product-type-simple"},"_links":{"self":[{"href":"https:\/\/eterle.cz\/eshop\/wp-json\/wp\/v2\/product\/21367","targetHints":{"allow":["GET"]}}],"collection":[{"href":"https:\/\/eterle.cz\/eshop\/wp-json\/wp\/v2\/product"}],"about":[{"href":"https:\/\/eterle.cz\/eshop\/wp-json\/wp\/v2\/types\/product"}],"version-history":[{"count":0,"href":"https:\/\/eterle.cz\/eshop\/wp-json\/wp\/v2\/product\/21367\/revisions"}],"wp:featuredmedia":[{"embeddable":true,"href":"https:\/\/eterle.cz\/eshop\/wp-json\/wp\/v2\/media\/20902"}],"wp:attachment":[{"href":"https:\/\/eterle.cz\/eshop\/wp-json\/wp\/v2\/media?parent=21367"}],"wp:term":[{"taxonomy":"product_brand","embeddable":true,"href":"https:\/\/eterle.cz\/eshop\/wp-json\/wp\/v2\/product_brand?post=21367"},{"taxonomy":"product_cat","embeddable":true,"href":"https:\/\/eterle.cz\/eshop\/wp-json\/wp\/v2\/product_cat?post=21367"},{"taxonomy":"product_tag","embeddable":true,"href":"https:\/\/eterle.cz\/eshop\/wp-json\/wp\/v2\/product_tag?post=21367"}],"curies":[{"name":"wp","href":"https:\/\/api.w.org\/{rel}","templated":true}]}}