{"id":21376,"date":"2024-10-14T14:05:06","date_gmt":"2024-10-14T12:05:06","guid":{"rendered":"https:\/\/eterle.cz\/eshop\/produkt\/nocni-stolek-6\/"},"modified":"2025-06-24T01:55:27","modified_gmt":"2025-06-23T23:55:27","slug":"nocni-stolek-6","status":"publish","type":"product","link":"https:\/\/eterle.cz\/eshop\/produkt\/nocni-stolek-6\/","title":{"rendered":"No\u010dn\u00ed stolek"},"content":{"rendered":"<p>Funkcionalistick\u00fd no\u010dn\u00ed stolek v kombinaci chromov\u00e9 konstrukce a plechov\u00e9ho \u0161upl\u00edku a sk\u0159\u00ed\u0148ky ve smetanov\u00e9 barv\u011b. Hod\u00ed se nejen k posteli, ale tak\u00e9 do koupelny \u010di p\u0159esd\u00edn\u011b jako odkl\u00e1dac\u00ed stolek s \u00falo\u017en\u00fdm prostorem.<\/p>\n<p>Stav: p\u016fvodn\u00ed zachoval\u00fd, jeden stolek nem\u00e1 vzadu na no\u017ei\u010dk\u00e1ch gumov\u00e9 \u010dudl\u00edky, m\u00edsty lehce po\u0161kozen lak (vzadu u jednoho stolku po\u0161kozen do koroze), chrom v dobr\u00e9m stavu<br \/>\nRozm\u011br<br \/>\nV\u00fd\u0161ka: 85 cm<br \/>\n\u0160\u00ed\u0159ka: 42 cm<br \/>\nHloubka: 36 cm<\/p>\n","protected":false},"excerpt":{"rendered":"<p>Funkcionalistick\u00fd no\u010dn\u00ed stolek v kombinaci chromov\u00e9 konstrukce a plechov\u00e9ho \u0161upl\u00edku a sk\u0159\u00ed\u0148ky ve smetanov\u00e9 barv\u011b. Hod\u00ed se nejen k posteli,<\/p>\n","protected":false},"featured_media":20920,"template":"","meta":[],"product_brand":[153],"product_cat":[130,139,124],"product_tag":[],"class_list":{"0":"post-21376","1":"product","2":"type-product","3":"status-publish","4":"has-post-thumbnail","6":"product_brand-eterle-cz","7":"product_cat-nabytek","8":"product_cat-postele-a-loznice","9":"product_cat-stoly","10":"product_shipping_class-nadrozmerne","12":"first","13":"instock","14":"purchasable","15":"product-type-simple"},"_links":{"self":[{"href":"https:\/\/eterle.cz\/eshop\/wp-json\/wp\/v2\/product\/21376","targetHints":{"allow":["GET"]}}],"collection":[{"href":"https:\/\/eterle.cz\/eshop\/wp-json\/wp\/v2\/product"}],"about":[{"href":"https:\/\/eterle.cz\/eshop\/wp-json\/wp\/v2\/types\/product"}],"version-history":[{"count":1,"href":"https:\/\/eterle.cz\/eshop\/wp-json\/wp\/v2\/product\/21376\/revisions"}],"predecessor-version":[{"id":26452,"href":"https:\/\/eterle.cz\/eshop\/wp-json\/wp\/v2\/product\/21376\/revisions\/26452"}],"wp:featuredmedia":[{"embeddable":true,"href":"https:\/\/eterle.cz\/eshop\/wp-json\/wp\/v2\/media\/20920"}],"wp:attachment":[{"href":"https:\/\/eterle.cz\/eshop\/wp-json\/wp\/v2\/media?parent=21376"}],"wp:term":[{"taxonomy":"product_brand","embeddable":true,"href":"https:\/\/eterle.cz\/eshop\/wp-json\/wp\/v2\/product_brand?post=21376"},{"taxonomy":"product_cat","embeddable":true,"href":"https:\/\/eterle.cz\/eshop\/wp-json\/wp\/v2\/product_cat?post=21376"},{"taxonomy":"product_tag","embeddable":true,"href":"https:\/\/eterle.cz\/eshop\/wp-json\/wp\/v2\/product_tag?post=21376"}],"curies":[{"name":"wp","href":"https:\/\/api.w.org\/{rel}","templated":true}]}}