{"id":21387,"date":"2024-10-14T14:06:00","date_gmt":"2024-10-14T12:06:00","guid":{"rendered":"https:\/\/eterle.cz\/eshop\/produkt\/stolni-lampicka-napako-3\/"},"modified":"2025-02-16T02:45:05","modified_gmt":"2025-02-16T01:45:05","slug":"stolni-lampicka-napako-3","status":"publish","type":"product","link":"https:\/\/eterle.cz\/eshop\/produkt\/stolni-lampicka-napako-3\/","title":{"rendered":"Stoln\u00ed lampi\u010dka \/ Napako"},"content":{"rendered":"<p>Stoln\u00ed art deco lampi\u010dkya s nakl\u00e1p\u011bc\u00edm st\u00ednidlem z op\u00e1lov\u00e9ho skla ve tvaru poup\u011bte. Lampi\u010dka je ur\u010dena p\u0159edev\u0161\u00edm na no\u010dn\u00ed stolek. 250 V, 1x 40 W<\/p>\n<p>Stav: zachoval\u00fd p\u016fvodn\u00ed, chrom v dobr\u00e9m stavu, elekt\u0159ina p\u016fvodn\u00ed, funk\u010dn\u00ed<br \/>\nZna\u010dka: Napako<br \/>\nRozm\u011br<br \/>\nV\u00fd\u0161ka: 23 cm<br \/>\nHloubka: 18 cm<\/p>\n<p>Napako<\/p>\n","protected":false},"excerpt":{"rendered":"<p>Stoln\u00ed art deco lampi\u010dkya s nakl\u00e1p\u011bc\u00edm st\u00ednidlem z op\u00e1lov\u00e9ho skla ve tvaru poup\u011bte. Lampi\u010dka je ur\u010dena p\u0159edev\u0161\u00edm na no\u010dn\u00ed stolek.<\/p>\n","protected":false},"featured_media":20942,"template":"","meta":[],"product_brand":[153],"product_cat":[91],"product_tag":[],"class_list":{"0":"post-21387","1":"product","2":"type-product","3":"status-publish","4":"has-post-thumbnail","6":"product_brand-eterle-cz","7":"product_cat-prodane","8":"product_shipping_class-nadrozmerne","10":"first","11":"outofstock","12":"purchasable","13":"product-type-simple"},"_links":{"self":[{"href":"https:\/\/eterle.cz\/eshop\/wp-json\/wp\/v2\/product\/21387","targetHints":{"allow":["GET"]}}],"collection":[{"href":"https:\/\/eterle.cz\/eshop\/wp-json\/wp\/v2\/product"}],"about":[{"href":"https:\/\/eterle.cz\/eshop\/wp-json\/wp\/v2\/types\/product"}],"version-history":[{"count":0,"href":"https:\/\/eterle.cz\/eshop\/wp-json\/wp\/v2\/product\/21387\/revisions"}],"wp:featuredmedia":[{"embeddable":true,"href":"https:\/\/eterle.cz\/eshop\/wp-json\/wp\/v2\/media\/20942"}],"wp:attachment":[{"href":"https:\/\/eterle.cz\/eshop\/wp-json\/wp\/v2\/media?parent=21387"}],"wp:term":[{"taxonomy":"product_brand","embeddable":true,"href":"https:\/\/eterle.cz\/eshop\/wp-json\/wp\/v2\/product_brand?post=21387"},{"taxonomy":"product_cat","embeddable":true,"href":"https:\/\/eterle.cz\/eshop\/wp-json\/wp\/v2\/product_cat?post=21387"},{"taxonomy":"product_tag","embeddable":true,"href":"https:\/\/eterle.cz\/eshop\/wp-json\/wp\/v2\/product_tag?post=21387"}],"curies":[{"name":"wp","href":"https:\/\/api.w.org\/{rel}","templated":true}]}}