{"id":21394,"date":"2024-10-14T14:06:21","date_gmt":"2024-10-14T12:06:21","guid":{"rendered":"https:\/\/eterle.cz\/eshop\/produkt\/lustr-opalove-sklo-6\/"},"modified":"2025-06-24T01:55:26","modified_gmt":"2025-06-23T23:55:26","slug":"lustr-opalove-sklo-6","status":"publish","type":"product","link":"https:\/\/eterle.cz\/eshop\/produkt\/lustr-opalove-sklo-6\/","title":{"rendered":"Lustr op\u00e1lov\u00e9 sklo"},"content":{"rendered":"<p>Lustr z op\u00e1lov\u00e9ho skla s plastick\u00fdm vzorem, kter\u00fd m\u00f3dn\u00edm fajn\u0161mekr\u016fm mo\u017en\u00e1 p\u0159ipomene zna\u010dku Fendi.<\/p>\n<p>Stav: dobr\u00fd, ty\u010d lehk\u00e1 patina, nov\u00e1 elektroinstalace<br \/>\nRozm\u011br<br \/>\nCelkov\u00e1 v\u00fd\u0161ka: 81 cm<br \/>\nD\u00e9lka ty\u010de: 55 cm<br \/>\nPr\u016fm\u011br: 26 cm<\/p>\n","protected":false},"excerpt":{"rendered":"<p>Lustr z op\u00e1lov\u00e9ho skla s plastick\u00fdm vzorem, kter\u00fd m\u00f3dn\u00edm fajn\u0161mekr\u016fm mo\u017en\u00e1 p\u0159ipomene zna\u010dku Fendi. Stav: dobr\u00fd, ty\u010d lehk\u00e1 patina, nov\u00e1<\/p>\n","protected":false},"featured_media":20946,"template":"","meta":[],"product_brand":[153],"product_cat":[79,140],"product_tag":[],"class_list":{"0":"post-21394","1":"product","2":"type-product","3":"status-publish","4":"has-post-thumbnail","6":"product_brand-eterle-cz","7":"product_cat-svetla","8":"product_cat-lustry","9":"product_shipping_class-nadrozmerne","11":"first","12":"instock","13":"purchasable","14":"product-type-simple"},"_links":{"self":[{"href":"https:\/\/eterle.cz\/eshop\/wp-json\/wp\/v2\/product\/21394","targetHints":{"allow":["GET"]}}],"collection":[{"href":"https:\/\/eterle.cz\/eshop\/wp-json\/wp\/v2\/product"}],"about":[{"href":"https:\/\/eterle.cz\/eshop\/wp-json\/wp\/v2\/types\/product"}],"version-history":[{"count":1,"href":"https:\/\/eterle.cz\/eshop\/wp-json\/wp\/v2\/product\/21394\/revisions"}],"predecessor-version":[{"id":26445,"href":"https:\/\/eterle.cz\/eshop\/wp-json\/wp\/v2\/product\/21394\/revisions\/26445"}],"wp:featuredmedia":[{"embeddable":true,"href":"https:\/\/eterle.cz\/eshop\/wp-json\/wp\/v2\/media\/20946"}],"wp:attachment":[{"href":"https:\/\/eterle.cz\/eshop\/wp-json\/wp\/v2\/media?parent=21394"}],"wp:term":[{"taxonomy":"product_brand","embeddable":true,"href":"https:\/\/eterle.cz\/eshop\/wp-json\/wp\/v2\/product_brand?post=21394"},{"taxonomy":"product_cat","embeddable":true,"href":"https:\/\/eterle.cz\/eshop\/wp-json\/wp\/v2\/product_cat?post=21394"},{"taxonomy":"product_tag","embeddable":true,"href":"https:\/\/eterle.cz\/eshop\/wp-json\/wp\/v2\/product_tag?post=21394"}],"curies":[{"name":"wp","href":"https:\/\/api.w.org\/{rel}","templated":true}]}}