{"id":21400,"date":"2024-10-14T14:06:35","date_gmt":"2024-10-14T12:06:35","guid":{"rendered":"https:\/\/eterle.cz\/eshop\/produkt\/lustr-opalove-sklo-7\/"},"modified":"2025-06-24T01:55:26","modified_gmt":"2025-06-23T23:55:26","slug":"lustr-opalove-sklo-7","status":"publish","type":"product","link":"https:\/\/eterle.cz\/eshop\/produkt\/lustr-opalove-sklo-7\/","title":{"rendered":"Lustr op\u00e1lov\u00e9 sklo"},"content":{"rendered":"<p>Minimalistick\u00fd lustr z op\u00e1lov\u00e9ho skla.<\/p>\n<p>Stav: dobr\u00fd, p\u016fvodn\u00ed elektroinstalace<br \/>\nRozm\u011br<br \/>\nCelkov\u00e1 v\u00fd\u0161ka: 62 cm<br \/>\nD\u00e9lka ty\u010de: 42 cm<br \/>\nPr\u016fm\u011br: 37 cm<\/p>\n","protected":false},"excerpt":{"rendered":"<p>Minimalistick\u00fd lustr z op\u00e1lov\u00e9ho skla. Stav: dobr\u00fd, p\u016fvodn\u00ed elektroinstalace Rozm\u011br Celkov\u00e1 v\u00fd\u0161ka: 62 cm D\u00e9lka ty\u010de: 42 cm Pr\u016fm\u011br: 37<\/p>\n","protected":false},"featured_media":20948,"template":"","meta":[],"product_brand":[153],"product_cat":[79,140],"product_tag":[],"class_list":{"0":"post-21400","1":"product","2":"type-product","3":"status-publish","4":"has-post-thumbnail","6":"product_brand-eterle-cz","7":"product_cat-svetla","8":"product_cat-lustry","9":"product_shipping_class-nadrozmerne","11":"first","12":"instock","13":"purchasable","14":"product-type-simple"},"_links":{"self":[{"href":"https:\/\/eterle.cz\/eshop\/wp-json\/wp\/v2\/product\/21400","targetHints":{"allow":["GET"]}}],"collection":[{"href":"https:\/\/eterle.cz\/eshop\/wp-json\/wp\/v2\/product"}],"about":[{"href":"https:\/\/eterle.cz\/eshop\/wp-json\/wp\/v2\/types\/product"}],"version-history":[{"count":1,"href":"https:\/\/eterle.cz\/eshop\/wp-json\/wp\/v2\/product\/21400\/revisions"}],"predecessor-version":[{"id":26444,"href":"https:\/\/eterle.cz\/eshop\/wp-json\/wp\/v2\/product\/21400\/revisions\/26444"}],"wp:featuredmedia":[{"embeddable":true,"href":"https:\/\/eterle.cz\/eshop\/wp-json\/wp\/v2\/media\/20948"}],"wp:attachment":[{"href":"https:\/\/eterle.cz\/eshop\/wp-json\/wp\/v2\/media?parent=21400"}],"wp:term":[{"taxonomy":"product_brand","embeddable":true,"href":"https:\/\/eterle.cz\/eshop\/wp-json\/wp\/v2\/product_brand?post=21400"},{"taxonomy":"product_cat","embeddable":true,"href":"https:\/\/eterle.cz\/eshop\/wp-json\/wp\/v2\/product_cat?post=21400"},{"taxonomy":"product_tag","embeddable":true,"href":"https:\/\/eterle.cz\/eshop\/wp-json\/wp\/v2\/product_tag?post=21400"}],"curies":[{"name":"wp","href":"https:\/\/api.w.org\/{rel}","templated":true}]}}