{"id":21525,"date":"2024-10-25T01:27:04","date_gmt":"2024-10-24T23:27:04","guid":{"rendered":"https:\/\/eterle.cz\/eshop\/produkt\/sada-4-taliru-rosenthal\/"},"modified":"2025-02-16T02:45:02","modified_gmt":"2025-02-16T01:45:02","slug":"sada-4-taliru-rosenthal","status":"publish","type":"product","link":"https:\/\/eterle.cz\/eshop\/produkt\/sada-4-taliru-rosenthal\/","title":{"rendered":"Sada 4 tal\u00ed\u0159\u016f \/ Rosenthal"},"content":{"rendered":"<p>Sada 4 dvan\u00e1ctibok\u00fdch tal\u00ed\u0159\u016f od n\u011bmeck\u00e9 porcel\u00e1nky Rosenthal. Tentokr\u00e1t se jedn\u00e1 o slin\u011bj\u0161\u00ed st\u0159ep zdoben\u00fd pouze dv\u011bmi modr\u00fdmi linkami. Celkov\u00fd dojem je sp\u00ed\u0161e chalup\u00e1\u0159sk\u00fd nebo vhodn\u00e9 na jachtu, nebo\u0165 p\u016fsob\u00ed lehce n\u00e1mo\u0159nick\u00fdm dojmem.<\/p>\n<p>Stav: dobr\u00fd se zn\u00e1mkami u\u017e\u00edv\u00e1n\u00ed. Bez o\u0165uk\u016f, ale glazura je po\u0161kr\u00e1b\u00e1na z\u0159ejm\u011b od p\u0159ibor\u016f<br \/>\nZna\u010dka: Rosenthal<br \/>\nRozm\u011br<br \/>\nPr\u016fm\u011br tal\u00ed\u0159e: 25,5 cm<\/p>\n","protected":false},"excerpt":{"rendered":"<p>Sada 4 dvan\u00e1ctibok\u00fdch tal\u00ed\u0159\u016f od n\u011bmeck\u00e9 porcel\u00e1nky Rosenthal. Tentokr\u00e1t se jedn\u00e1 o slin\u011bj\u0161\u00ed st\u0159ep zdoben\u00fd pouze dv\u011bmi modr\u00fdmi linkami. Celkov\u00fd<\/p>\n","protected":false},"featured_media":21526,"template":"","meta":[],"product_brand":[153],"product_cat":[91],"product_tag":[],"class_list":{"0":"post-21525","1":"product","2":"type-product","3":"status-publish","4":"has-post-thumbnail","6":"product_brand-eterle-cz","7":"product_cat-prodane","9":"first","10":"outofstock","11":"purchasable","12":"product-type-simple"},"_links":{"self":[{"href":"https:\/\/eterle.cz\/eshop\/wp-json\/wp\/v2\/product\/21525","targetHints":{"allow":["GET"]}}],"collection":[{"href":"https:\/\/eterle.cz\/eshop\/wp-json\/wp\/v2\/product"}],"about":[{"href":"https:\/\/eterle.cz\/eshop\/wp-json\/wp\/v2\/types\/product"}],"version-history":[{"count":0,"href":"https:\/\/eterle.cz\/eshop\/wp-json\/wp\/v2\/product\/21525\/revisions"}],"wp:featuredmedia":[{"embeddable":true,"href":"https:\/\/eterle.cz\/eshop\/wp-json\/wp\/v2\/media\/21526"}],"wp:attachment":[{"href":"https:\/\/eterle.cz\/eshop\/wp-json\/wp\/v2\/media?parent=21525"}],"wp:term":[{"taxonomy":"product_brand","embeddable":true,"href":"https:\/\/eterle.cz\/eshop\/wp-json\/wp\/v2\/product_brand?post=21525"},{"taxonomy":"product_cat","embeddable":true,"href":"https:\/\/eterle.cz\/eshop\/wp-json\/wp\/v2\/product_cat?post=21525"},{"taxonomy":"product_tag","embeddable":true,"href":"https:\/\/eterle.cz\/eshop\/wp-json\/wp\/v2\/product_tag?post=21525"}],"curies":[{"name":"wp","href":"https:\/\/api.w.org\/{rel}","templated":true}]}}