{"id":21538,"date":"2024-10-25T01:27:29","date_gmt":"2024-10-24T23:27:29","guid":{"rendered":"https:\/\/eterle.cz\/eshop\/produkt\/peprenka-rosenthal\/"},"modified":"2025-11-26T23:35:26","modified_gmt":"2025-11-26T22:35:26","slug":"peprenka-rosenthal","status":"publish","type":"product","link":"https:\/\/eterle.cz\/eshop\/produkt\/peprenka-rosenthal\/","title":{"rendered":"Pep\u0159enka \/ Rosenthal"},"content":{"rendered":"<p>Velk\u00e1 pep\u0159enka od n\u011bmeck\u00e9 porcel\u00e1nyk Rosenthal ze s\u00e9rie Classic rose nav\u00edc dopln\u011bna o velk\u00e9 kv\u011bty mace\u0161ek.<\/p>\n<p>Stav: v\u00fdborn\u00fd<br \/>\nZna\u010dka: Rosenthal<br \/>\nRozm\u011br<br \/>\nV\u00fd\u0161ka: 15,5 cm<\/p>\n","protected":false},"excerpt":{"rendered":"<p>Velk\u00e1 pep\u0159enka od n\u011bmeck\u00e9 porcel\u00e1nyk Rosenthal ze s\u00e9rie Classic rose nav\u00edc dopln\u011bna o velk\u00e9 kv\u011bty mace\u0161ek. Stav: v\u00fdborn\u00fd Zna\u010dka: Rosenthal<\/p>\n","protected":false},"featured_media":21539,"template":"","meta":[],"product_brand":[153],"product_cat":[91],"product_tag":[],"class_list":{"0":"post-21538","1":"product","2":"type-product","3":"status-publish","4":"has-post-thumbnail","6":"product_brand-eterle-cz","7":"product_cat-prodane","9":"first","10":"outofstock","11":"purchasable","12":"product-type-simple"},"_links":{"self":[{"href":"https:\/\/eterle.cz\/eshop\/wp-json\/wp\/v2\/product\/21538","targetHints":{"allow":["GET"]}}],"collection":[{"href":"https:\/\/eterle.cz\/eshop\/wp-json\/wp\/v2\/product"}],"about":[{"href":"https:\/\/eterle.cz\/eshop\/wp-json\/wp\/v2\/types\/product"}],"version-history":[{"count":1,"href":"https:\/\/eterle.cz\/eshop\/wp-json\/wp\/v2\/product\/21538\/revisions"}],"predecessor-version":[{"id":26439,"href":"https:\/\/eterle.cz\/eshop\/wp-json\/wp\/v2\/product\/21538\/revisions\/26439"}],"wp:featuredmedia":[{"embeddable":true,"href":"https:\/\/eterle.cz\/eshop\/wp-json\/wp\/v2\/media\/21539"}],"wp:attachment":[{"href":"https:\/\/eterle.cz\/eshop\/wp-json\/wp\/v2\/media?parent=21538"}],"wp:term":[{"taxonomy":"product_brand","embeddable":true,"href":"https:\/\/eterle.cz\/eshop\/wp-json\/wp\/v2\/product_brand?post=21538"},{"taxonomy":"product_cat","embeddable":true,"href":"https:\/\/eterle.cz\/eshop\/wp-json\/wp\/v2\/product_cat?post=21538"},{"taxonomy":"product_tag","embeddable":true,"href":"https:\/\/eterle.cz\/eshop\/wp-json\/wp\/v2\/product_tag?post=21538"}],"curies":[{"name":"wp","href":"https:\/\/api.w.org\/{rel}","templated":true}]}}