{"id":21572,"date":"2024-10-25T01:28:27","date_gmt":"2024-10-24T23:28:27","guid":{"rendered":"https:\/\/eterle.cz\/eshop\/produkt\/detska-snidanova-sada-bareuther\/"},"modified":"2025-02-16T02:44:59","modified_gmt":"2025-02-16T01:44:59","slug":"detska-snidanova-sada-bareuther","status":"publish","type":"product","link":"https:\/\/eterle.cz\/eshop\/produkt\/detska-snidanova-sada-bareuther\/","title":{"rendered":"D\u011btsk\u00e1 sn\u00edda\u0148ov\u00e1 sada \/ Bareuther"},"content":{"rendered":"<p>V\u00e1no\u010dn\u00ed d\u011btsk\u00fd set na sn\u00eddani. Ka\u017edou malou ratolest jist\u011b pot\u011b\u0161\u00ed porcel\u00e1n s obr\u00e1zkem a pokud je je\u0161t\u011b s motivem nejobl\u00edben\u011bj\u0161\u00edho d\u011btsk\u00e9ho sv\u00e1tku, bude radost dvojn\u00e1sobn\u00e1.<\/p>\n<p>Stav: dobr\u00fd<br \/>\nZna\u010dka: Bareuther<br \/>\nRozm\u011br<br \/>\nObjem hrne\u010dku: 200 ml<br \/>\nPr\u016fm\u011br pod\u0161\u00e1lku: 15 cm<br \/>\nPr\u016fm\u011br tal\u00ed\u0159ku: 20 cm<\/p>\n","protected":false},"excerpt":{"rendered":"<p>V\u00e1no\u010dn\u00ed d\u011btsk\u00fd set na sn\u00eddani. Ka\u017edou malou ratolest jist\u011b pot\u011b\u0161\u00ed porcel\u00e1n s obr\u00e1zkem a pokud je je\u0161t\u011b s motivem nejobl\u00edben\u011bj\u0161\u00edho<\/p>\n","protected":false},"featured_media":21573,"template":"","meta":[],"product_brand":[153],"product_cat":[91],"product_tag":[],"class_list":{"0":"post-21572","1":"product","2":"type-product","3":"status-publish","4":"has-post-thumbnail","6":"product_brand-eterle-cz","7":"product_cat-prodane","9":"first","10":"outofstock","11":"purchasable","12":"product-type-simple"},"_links":{"self":[{"href":"https:\/\/eterle.cz\/eshop\/wp-json\/wp\/v2\/product\/21572","targetHints":{"allow":["GET"]}}],"collection":[{"href":"https:\/\/eterle.cz\/eshop\/wp-json\/wp\/v2\/product"}],"about":[{"href":"https:\/\/eterle.cz\/eshop\/wp-json\/wp\/v2\/types\/product"}],"version-history":[{"count":0,"href":"https:\/\/eterle.cz\/eshop\/wp-json\/wp\/v2\/product\/21572\/revisions"}],"wp:featuredmedia":[{"embeddable":true,"href":"https:\/\/eterle.cz\/eshop\/wp-json\/wp\/v2\/media\/21573"}],"wp:attachment":[{"href":"https:\/\/eterle.cz\/eshop\/wp-json\/wp\/v2\/media?parent=21572"}],"wp:term":[{"taxonomy":"product_brand","embeddable":true,"href":"https:\/\/eterle.cz\/eshop\/wp-json\/wp\/v2\/product_brand?post=21572"},{"taxonomy":"product_cat","embeddable":true,"href":"https:\/\/eterle.cz\/eshop\/wp-json\/wp\/v2\/product_cat?post=21572"},{"taxonomy":"product_tag","embeddable":true,"href":"https:\/\/eterle.cz\/eshop\/wp-json\/wp\/v2\/product_tag?post=21572"}],"curies":[{"name":"wp","href":"https:\/\/api.w.org\/{rel}","templated":true}]}}