{"id":21631,"date":"2024-10-25T01:30:09","date_gmt":"2024-10-24T23:30:09","guid":{"rendered":"https:\/\/eterle.cz\/eshop\/produkt\/kavova-sada-pro-4-thomas\/"},"modified":"2025-06-24T01:55:24","modified_gmt":"2025-06-23T23:55:24","slug":"kavova-sada-pro-4-thomas","status":"publish","type":"product","link":"https:\/\/eterle.cz\/eshop\/produkt\/kavova-sada-pro-4-thomas\/","title":{"rendered":"K\u00e1vov\u00e1 sada pro 4 \/ Thomas"},"content":{"rendered":"<p>K\u00e1vov\u00e1 sada pro 4 osoby od n\u011bmeck\u00e9 zna\u010dky Thomas ze s\u00e9rie Lanzette. \u010cist\u011b b\u00edl\u00fd porcel\u00e1n s plastick\u00fdm vzorem ve tvaru olivov\u00fdch list\u016f je dopln\u011bn tenk\u00fdm platinov\u00fdm prou\u017ekem. <\/p>\n<p>Sada obsahuje: 4x \u0161ap\u00f3, ml\u00e9kovku, cuk\u0159enku, konvici na k\u00e1vu<\/p>\n<p>Stav: velmi dobr\u00fd, jeden hrne\u010dek m\u00e1 z v\u00fdroby na ou\u0161ku malou vadu v glazu\u0159e<br \/>\nZna\u010dka: Thomas<br \/>\nRozm\u011br<br \/>\nObjem hrne\u010dku: 130 ml<br \/>\nObjem konvice: 1,3 l<br \/>\nObjem ml\u00e9kovky: 120 ml<br \/>\nPr\u016fm\u011br pod\u0161\u00e1lku: 14,5 cm<br \/>\nV\u00fd\u0161ka cuk\u0159enky: 9 cm<\/p>\n","protected":false},"excerpt":{"rendered":"<p>K\u00e1vov\u00e1 sada pro 4 osoby od n\u011bmeck\u00e9 zna\u010dky Thomas ze s\u00e9rie Lanzette. \u010cist\u011b b\u00edl\u00fd porcel\u00e1n s plastick\u00fdm vzorem ve tvaru<\/p>\n","protected":false},"featured_media":21632,"template":"","meta":[],"product_brand":[153],"product_cat":[76,111],"product_tag":[],"class_list":{"0":"post-21631","1":"product","2":"type-product","3":"status-publish","4":"has-post-thumbnail","6":"product_brand-eterle-cz","7":"product_cat-porcelan","8":"product_cat-porcelanove-sady","10":"first","11":"instock","12":"purchasable","13":"product-type-simple"},"_links":{"self":[{"href":"https:\/\/eterle.cz\/eshop\/wp-json\/wp\/v2\/product\/21631","targetHints":{"allow":["GET"]}}],"collection":[{"href":"https:\/\/eterle.cz\/eshop\/wp-json\/wp\/v2\/product"}],"about":[{"href":"https:\/\/eterle.cz\/eshop\/wp-json\/wp\/v2\/types\/product"}],"version-history":[{"count":1,"href":"https:\/\/eterle.cz\/eshop\/wp-json\/wp\/v2\/product\/21631\/revisions"}],"predecessor-version":[{"id":26429,"href":"https:\/\/eterle.cz\/eshop\/wp-json\/wp\/v2\/product\/21631\/revisions\/26429"}],"wp:featuredmedia":[{"embeddable":true,"href":"https:\/\/eterle.cz\/eshop\/wp-json\/wp\/v2\/media\/21632"}],"wp:attachment":[{"href":"https:\/\/eterle.cz\/eshop\/wp-json\/wp\/v2\/media?parent=21631"}],"wp:term":[{"taxonomy":"product_brand","embeddable":true,"href":"https:\/\/eterle.cz\/eshop\/wp-json\/wp\/v2\/product_brand?post=21631"},{"taxonomy":"product_cat","embeddable":true,"href":"https:\/\/eterle.cz\/eshop\/wp-json\/wp\/v2\/product_cat?post=21631"},{"taxonomy":"product_tag","embeddable":true,"href":"https:\/\/eterle.cz\/eshop\/wp-json\/wp\/v2\/product_tag?post=21631"}],"curies":[{"name":"wp","href":"https:\/\/api.w.org\/{rel}","templated":true}]}}