{"id":21655,"date":"2024-10-25T01:30:56","date_gmt":"2024-10-24T23:30:56","guid":{"rendered":"https:\/\/eterle.cz\/eshop\/produkt\/sapo-hertel-jacob\/"},"modified":"2025-06-24T01:56:36","modified_gmt":"2025-06-23T23:56:36","slug":"sapo-hertel-jacob","status":"publish","type":"product","link":"https:\/\/eterle.cz\/eshop\/produkt\/sapo-hertel-jacob\/","title":{"rendered":"\u0160ap\u00f3 \/ Hertel Jacob"},"content":{"rendered":"<p>Staro\u017eitn\u00e9 \u0161ap\u00f3 z tenk\u00e9ho st\u0159epu zdobeno kyti\u010dkami v tlumen\u00fdch podzimn\u00edch barv\u00e1ch, kter\u00e9 najdete i uvnit\u0159 hrne\u010dku. Tal\u00ed\u0159ek i hrne\u010dek maj\u00ed zdoben\u00ed dopln\u011bno tenkou zlatou linkou. Sv\u00fdm tvarem i dekorac\u00ed je \u0161ap\u00f3 vhodn\u00e9 na anglick\u00fd \u010daj  p\u00e1t\u00e9.<\/p>\n<p>Stav: v\u00fdborn\u00fd<br \/>\nZna\u010dka: Hertel Jacob<br \/>\nRozm\u011br<br \/>\nObjem hrne\u010dku: 180 ml<br \/>\nPr\u016fm\u011br tal\u00ed\u0159ku: 15,5 cm<\/p>\n","protected":false},"excerpt":{"rendered":"<p>Staro\u017eitn\u00e9 \u0161ap\u00f3 z tenk\u00e9ho st\u0159epu zdobeno kyti\u010dkami v tlumen\u00fdch podzimn\u00edch barv\u00e1ch, kter\u00e9 najdete i uvnit\u0159 hrne\u010dku. Tal\u00ed\u0159ek i hrne\u010dek maj\u00ed<\/p>\n","protected":false},"featured_media":21656,"template":"","meta":[],"product_brand":[153],"product_cat":[76,120],"product_tag":[],"class_list":{"0":"post-21655","1":"product","2":"type-product","3":"status-publish","4":"has-post-thumbnail","6":"product_brand-eterle-cz","7":"product_cat-porcelan","8":"product_cat-hrnecky","10":"first","11":"instock","12":"purchasable","13":"product-type-simple"},"_links":{"self":[{"href":"https:\/\/eterle.cz\/eshop\/wp-json\/wp\/v2\/product\/21655","targetHints":{"allow":["GET"]}}],"collection":[{"href":"https:\/\/eterle.cz\/eshop\/wp-json\/wp\/v2\/product"}],"about":[{"href":"https:\/\/eterle.cz\/eshop\/wp-json\/wp\/v2\/types\/product"}],"version-history":[{"count":1,"href":"https:\/\/eterle.cz\/eshop\/wp-json\/wp\/v2\/product\/21655\/revisions"}],"predecessor-version":[{"id":26614,"href":"https:\/\/eterle.cz\/eshop\/wp-json\/wp\/v2\/product\/21655\/revisions\/26614"}],"wp:featuredmedia":[{"embeddable":true,"href":"https:\/\/eterle.cz\/eshop\/wp-json\/wp\/v2\/media\/21656"}],"wp:attachment":[{"href":"https:\/\/eterle.cz\/eshop\/wp-json\/wp\/v2\/media?parent=21655"}],"wp:term":[{"taxonomy":"product_brand","embeddable":true,"href":"https:\/\/eterle.cz\/eshop\/wp-json\/wp\/v2\/product_brand?post=21655"},{"taxonomy":"product_cat","embeddable":true,"href":"https:\/\/eterle.cz\/eshop\/wp-json\/wp\/v2\/product_cat?post=21655"},{"taxonomy":"product_tag","embeddable":true,"href":"https:\/\/eterle.cz\/eshop\/wp-json\/wp\/v2\/product_tag?post=21655"}],"curies":[{"name":"wp","href":"https:\/\/api.w.org\/{rel}","templated":true}]}}