{"id":21662,"date":"2024-10-25T01:31:07","date_gmt":"2024-10-24T23:31:07","guid":{"rendered":"https:\/\/eterle.cz\/eshop\/produkt\/podnos-na-noze-wmf\/"},"modified":"2025-02-16T02:44:20","modified_gmt":"2025-02-16T01:44:20","slug":"podnos-na-noze-wmf","status":"publish","type":"product","link":"https:\/\/eterle.cz\/eshop\/produkt\/podnos-na-noze-wmf\/","title":{"rendered":"Podnos na noze \/ WMF"},"content":{"rendered":"<p>Secesn\u00ed podnos na noze podle n\u00e1vrhu Joseph Maria Olbrich pro WMF je vhodn\u00fd na dort nebo cukrov\u00ed. Kombinace profilovan\u00e9 nohy z poniklovan\u00e9 mosazi s porcel\u00e1nov\u00fdm podnosem p\u016fsob\u00ed velmi elegantn\u011b. Podnos poch\u00e1z\u00ed z roku 1900.<\/p>\n<p>Stav: dobr\u00fd s patinou, na tal\u00ed\u0159i jsou zn\u00e1mky u\u017e\u00edv\u00e1n\u00ed<br \/>\nZna\u010dka: WMF<br \/>\nRozm\u011br<br \/>\nPr\u016fm\u011br tal\u00ed\u0159e: 30 cm<br \/>\nV\u00fd\u0161ka: 11 cm<\/p>\n","protected":false},"excerpt":{"rendered":"<p>Secesn\u00ed podnos na noze podle n\u00e1vrhu Joseph Maria Olbrich pro WMF je vhodn\u00fd na dort nebo cukrov\u00ed. Kombinace profilovan\u00e9 nohy<\/p>\n","protected":false},"featured_media":21663,"template":"","meta":[],"product_brand":[153],"product_cat":[91],"product_tag":[],"class_list":{"0":"post-21662","1":"product","2":"type-product","3":"status-publish","4":"has-post-thumbnail","6":"product_brand-eterle-cz","7":"product_cat-prodane","9":"first","10":"outofstock","11":"purchasable","12":"product-type-simple"},"_links":{"self":[{"href":"https:\/\/eterle.cz\/eshop\/wp-json\/wp\/v2\/product\/21662","targetHints":{"allow":["GET"]}}],"collection":[{"href":"https:\/\/eterle.cz\/eshop\/wp-json\/wp\/v2\/product"}],"about":[{"href":"https:\/\/eterle.cz\/eshop\/wp-json\/wp\/v2\/types\/product"}],"version-history":[{"count":0,"href":"https:\/\/eterle.cz\/eshop\/wp-json\/wp\/v2\/product\/21662\/revisions"}],"wp:featuredmedia":[{"embeddable":true,"href":"https:\/\/eterle.cz\/eshop\/wp-json\/wp\/v2\/media\/21663"}],"wp:attachment":[{"href":"https:\/\/eterle.cz\/eshop\/wp-json\/wp\/v2\/media?parent=21662"}],"wp:term":[{"taxonomy":"product_brand","embeddable":true,"href":"https:\/\/eterle.cz\/eshop\/wp-json\/wp\/v2\/product_brand?post=21662"},{"taxonomy":"product_cat","embeddable":true,"href":"https:\/\/eterle.cz\/eshop\/wp-json\/wp\/v2\/product_cat?post=21662"},{"taxonomy":"product_tag","embeddable":true,"href":"https:\/\/eterle.cz\/eshop\/wp-json\/wp\/v2\/product_tag?post=21662"}],"curies":[{"name":"wp","href":"https:\/\/api.w.org\/{rel}","templated":true}]}}