{"id":21680,"date":"2024-10-25T01:31:39","date_gmt":"2024-10-24T23:31:39","guid":{"rendered":"https:\/\/eterle.cz\/eshop\/produkt\/talirek-wedgwood-2\/"},"modified":"2025-06-24T01:56:36","modified_gmt":"2025-06-23T23:56:36","slug":"talirek-wedgwood-2","status":"publish","type":"product","link":"https:\/\/eterle.cz\/eshop\/produkt\/talirek-wedgwood-2\/","title":{"rendered":"Tal\u00ed\u0159ek \/Wedgwood"},"content":{"rendered":"<p>Tal\u00ed\u0159ek od anglick\u00e9 porcel\u00e1nky Wedgwood z \u0159ady Jasperware Demitasse, z roku 1980. Tento sb\u011bratelsk\u00fd kousek s povrchem ve sv\u011btle modr\u00e9 barv\u011b v proveden\u00ed biscuit obsahuje reli\u00e9fn\u00ed dekor v podob\u011b t\u0159\u00ed and\u011bl\u00ed\u010dk\u016f.<\/p>\n<p>Stav: nov\u00fd<br \/>\nZna\u010dka: Wedgwood<br \/>\nRozm\u011br<br \/>\nPr\u016fm\u011br tal\u00ed\u0159ku: 17,5 cm<\/p>\n","protected":false},"excerpt":{"rendered":"<p>Tal\u00ed\u0159ek od anglick\u00e9 porcel\u00e1nky Wedgwood z \u0159ady Jasperware Demitasse, z roku 1980. Tento sb\u011bratelsk\u00fd kousek s povrchem ve sv\u011btle modr\u00e9<\/p>\n","protected":false},"featured_media":21681,"template":"","meta":[],"product_brand":[153],"product_cat":[76,109],"product_tag":[],"class_list":{"0":"post-21680","1":"product","2":"type-product","3":"status-publish","4":"has-post-thumbnail","6":"product_brand-eterle-cz","7":"product_cat-porcelan","8":"product_cat-talire","10":"first","11":"instock","12":"purchasable","13":"product-type-simple"},"_links":{"self":[{"href":"https:\/\/eterle.cz\/eshop\/wp-json\/wp\/v2\/product\/21680","targetHints":{"allow":["GET"]}}],"collection":[{"href":"https:\/\/eterle.cz\/eshop\/wp-json\/wp\/v2\/product"}],"about":[{"href":"https:\/\/eterle.cz\/eshop\/wp-json\/wp\/v2\/types\/product"}],"version-history":[{"count":1,"href":"https:\/\/eterle.cz\/eshop\/wp-json\/wp\/v2\/product\/21680\/revisions"}],"predecessor-version":[{"id":26612,"href":"https:\/\/eterle.cz\/eshop\/wp-json\/wp\/v2\/product\/21680\/revisions\/26612"}],"wp:featuredmedia":[{"embeddable":true,"href":"https:\/\/eterle.cz\/eshop\/wp-json\/wp\/v2\/media\/21681"}],"wp:attachment":[{"href":"https:\/\/eterle.cz\/eshop\/wp-json\/wp\/v2\/media?parent=21680"}],"wp:term":[{"taxonomy":"product_brand","embeddable":true,"href":"https:\/\/eterle.cz\/eshop\/wp-json\/wp\/v2\/product_brand?post=21680"},{"taxonomy":"product_cat","embeddable":true,"href":"https:\/\/eterle.cz\/eshop\/wp-json\/wp\/v2\/product_cat?post=21680"},{"taxonomy":"product_tag","embeddable":true,"href":"https:\/\/eterle.cz\/eshop\/wp-json\/wp\/v2\/product_tag?post=21680"}],"curies":[{"name":"wp","href":"https:\/\/api.w.org\/{rel}","templated":true}]}}