{"id":21694,"date":"2024-10-25T01:32:06","date_gmt":"2024-10-24T23:32:06","guid":{"rendered":"https:\/\/eterle.cz\/eshop\/produkt\/doza-bila-kulata-dux\/"},"modified":"2025-06-24T01:56:35","modified_gmt":"2025-06-23T23:56:35","slug":"doza-bila-kulata-dux","status":"publish","type":"product","link":"https:\/\/eterle.cz\/eshop\/produkt\/doza-bila-kulata-dux\/","title":{"rendered":"D\u00f3za b\u00edl\u00e1 kulat\u00e1 \/ Dux"},"content":{"rendered":"<p>Porcel\u00e1nov\u00e1 d\u00f3za z ji\u017e uzav\u0159en\u00e9 porcle\u00e1nyk Dux, kter\u00e1 se hod\u00ed jako tajn\u00e1 sk\u00fd\u0161 na bonb\u00f3ny nebo t\u0159eba na \u0161perky.<\/p>\n<p>Stav: nov\u00fd<br \/>\nZna\u010dka: Dux<br \/>\nRozm\u011br<br \/>\nV\u00fd\u0161ka: 6 cm<br \/>\nPr\u016fm\u011br: 14 cm<\/p>\n","protected":false},"excerpt":{"rendered":"<p>Porcel\u00e1nov\u00e1 d\u00f3za z ji\u017e uzav\u0159en\u00e9 porcle\u00e1nyk Dux, kter\u00e1 se hod\u00ed jako tajn\u00e1 sk\u00fd\u0161 na bonb\u00f3ny nebo t\u0159eba na \u0161perky. Stav:<\/p>\n","protected":false},"featured_media":21695,"template":"","meta":[],"product_brand":[153],"product_cat":[76,113],"product_tag":[],"class_list":{"0":"post-21694","1":"product","2":"type-product","3":"status-publish","4":"has-post-thumbnail","6":"product_brand-eterle-cz","7":"product_cat-porcelan","8":"product_cat-ostatni","10":"first","11":"instock","12":"purchasable","13":"product-type-simple"},"_links":{"self":[{"href":"https:\/\/eterle.cz\/eshop\/wp-json\/wp\/v2\/product\/21694","targetHints":{"allow":["GET"]}}],"collection":[{"href":"https:\/\/eterle.cz\/eshop\/wp-json\/wp\/v2\/product"}],"about":[{"href":"https:\/\/eterle.cz\/eshop\/wp-json\/wp\/v2\/types\/product"}],"version-history":[{"count":1,"href":"https:\/\/eterle.cz\/eshop\/wp-json\/wp\/v2\/product\/21694\/revisions"}],"predecessor-version":[{"id":26610,"href":"https:\/\/eterle.cz\/eshop\/wp-json\/wp\/v2\/product\/21694\/revisions\/26610"}],"wp:featuredmedia":[{"embeddable":true,"href":"https:\/\/eterle.cz\/eshop\/wp-json\/wp\/v2\/media\/21695"}],"wp:attachment":[{"href":"https:\/\/eterle.cz\/eshop\/wp-json\/wp\/v2\/media?parent=21694"}],"wp:term":[{"taxonomy":"product_brand","embeddable":true,"href":"https:\/\/eterle.cz\/eshop\/wp-json\/wp\/v2\/product_brand?post=21694"},{"taxonomy":"product_cat","embeddable":true,"href":"https:\/\/eterle.cz\/eshop\/wp-json\/wp\/v2\/product_cat?post=21694"},{"taxonomy":"product_tag","embeddable":true,"href":"https:\/\/eterle.cz\/eshop\/wp-json\/wp\/v2\/product_tag?post=21694"}],"curies":[{"name":"wp","href":"https:\/\/api.w.org\/{rel}","templated":true}]}}