{"id":21699,"date":"2024-10-25T01:32:15","date_gmt":"2024-10-24T23:32:15","guid":{"rendered":"https:\/\/eterle.cz\/eshop\/produkt\/svicen\/"},"modified":"2026-01-01T19:20:12","modified_gmt":"2026-01-01T18:20:12","slug":"svicen","status":"publish","type":"product","link":"https:\/\/eterle.cz\/eshop\/produkt\/svicen\/","title":{"rendered":"Sv\u00edcen"},"content":{"rendered":"<p>P\u016fvodn\u011b pod\u0161\u00e1lek k hrne\u010dku na espresso od n\u00e1vrh\u00e1\u0159e Ji\u0159\u00edho Pelcla jsme vyu\u017eily jako modern\u00ed minimalistick\u00fd sv\u00edcen.<\/p>\n<p>Stav: nov\u00fd<br \/>\nRozm\u011br<br \/>\nPr\u016fm\u011br: 10 cm<br \/>\nPr\u016fm\u011br na sv\u00ed\u010dku: 3 cm<\/p>\n","protected":false},"excerpt":{"rendered":"<p>P\u016fvodn\u011b pod\u0161\u00e1lek k hrne\u010dku na espresso od n\u00e1vrh\u00e1\u0159e Ji\u0159\u00edho Pelcla jsme vyu\u017eily jako modern\u00ed minimalistick\u00fd sv\u00edcen. Stav: nov\u00fd Rozm\u011br Pr\u016fm\u011br:<\/p>\n","protected":false},"featured_media":21700,"template":"","meta":[],"product_brand":[153],"product_cat":[80,135],"product_tag":[],"class_list":{"0":"post-21699","1":"product","2":"type-product","3":"status-publish","4":"has-post-thumbnail","6":"product_brand-eterle-cz","7":"product_cat-dekorace","8":"product_cat-svicny","10":"first","11":"instock","12":"purchasable","13":"product-type-simple"},"_links":{"self":[{"href":"https:\/\/eterle.cz\/eshop\/wp-json\/wp\/v2\/product\/21699","targetHints":{"allow":["GET"]}}],"collection":[{"href":"https:\/\/eterle.cz\/eshop\/wp-json\/wp\/v2\/product"}],"about":[{"href":"https:\/\/eterle.cz\/eshop\/wp-json\/wp\/v2\/types\/product"}],"version-history":[{"count":1,"href":"https:\/\/eterle.cz\/eshop\/wp-json\/wp\/v2\/product\/21699\/revisions"}],"predecessor-version":[{"id":26609,"href":"https:\/\/eterle.cz\/eshop\/wp-json\/wp\/v2\/product\/21699\/revisions\/26609"}],"wp:featuredmedia":[{"embeddable":true,"href":"https:\/\/eterle.cz\/eshop\/wp-json\/wp\/v2\/media\/21700"}],"wp:attachment":[{"href":"https:\/\/eterle.cz\/eshop\/wp-json\/wp\/v2\/media?parent=21699"}],"wp:term":[{"taxonomy":"product_brand","embeddable":true,"href":"https:\/\/eterle.cz\/eshop\/wp-json\/wp\/v2\/product_brand?post=21699"},{"taxonomy":"product_cat","embeddable":true,"href":"https:\/\/eterle.cz\/eshop\/wp-json\/wp\/v2\/product_cat?post=21699"},{"taxonomy":"product_tag","embeddable":true,"href":"https:\/\/eterle.cz\/eshop\/wp-json\/wp\/v2\/product_tag?post=21699"}],"curies":[{"name":"wp","href":"https:\/\/api.w.org\/{rel}","templated":true}]}}