{"id":21708,"date":"2024-10-25T01:32:34","date_gmt":"2024-10-24T23:32:34","guid":{"rendered":"https:\/\/eterle.cz\/eshop\/produkt\/soska-lvice\/"},"modified":"2025-06-24T01:56:34","modified_gmt":"2025-06-23T23:56:34","slug":"soska-lvice","status":"publish","type":"product","link":"https:\/\/eterle.cz\/eshop\/produkt\/soska-lvice\/","title":{"rendered":"So\u0161ka lvice"},"content":{"rendered":"<p>Porcel\u00e1nov\u00e1 so\u0161ka lvice v kubistick\u00e9m proveden\u00ed.<\/p>\n<p>Stav: perfektn\u00ed<br \/>\nRozm\u011br<br \/>\nV\u00fd\u0161ka: 14 cm<br \/>\nD\u00e9lka: 23 cm<br \/>\n\u0160\u00ed\u0159ka: 7,5 cm<\/p>\n","protected":false},"excerpt":{"rendered":"<p>Porcel\u00e1nov\u00e1 so\u0161ka lvice v kubistick\u00e9m proveden\u00ed. Stav: perfektn\u00ed Rozm\u011br V\u00fd\u0161ka: 14 cm D\u00e9lka: 23 cm \u0160\u00ed\u0159ka: 7,5 cm<\/p>\n","protected":false},"featured_media":21709,"template":"","meta":[],"product_brand":[153],"product_cat":[80,136],"product_tag":[],"class_list":{"0":"post-21708","1":"product","2":"type-product","3":"status-publish","4":"has-post-thumbnail","6":"product_brand-eterle-cz","7":"product_cat-dekorace","8":"product_cat-sosky","10":"first","11":"instock","12":"purchasable","13":"product-type-simple"},"_links":{"self":[{"href":"https:\/\/eterle.cz\/eshop\/wp-json\/wp\/v2\/product\/21708","targetHints":{"allow":["GET"]}}],"collection":[{"href":"https:\/\/eterle.cz\/eshop\/wp-json\/wp\/v2\/product"}],"about":[{"href":"https:\/\/eterle.cz\/eshop\/wp-json\/wp\/v2\/types\/product"}],"version-history":[{"count":1,"href":"https:\/\/eterle.cz\/eshop\/wp-json\/wp\/v2\/product\/21708\/revisions"}],"predecessor-version":[{"id":26607,"href":"https:\/\/eterle.cz\/eshop\/wp-json\/wp\/v2\/product\/21708\/revisions\/26607"}],"wp:featuredmedia":[{"embeddable":true,"href":"https:\/\/eterle.cz\/eshop\/wp-json\/wp\/v2\/media\/21709"}],"wp:attachment":[{"href":"https:\/\/eterle.cz\/eshop\/wp-json\/wp\/v2\/media?parent=21708"}],"wp:term":[{"taxonomy":"product_brand","embeddable":true,"href":"https:\/\/eterle.cz\/eshop\/wp-json\/wp\/v2\/product_brand?post=21708"},{"taxonomy":"product_cat","embeddable":true,"href":"https:\/\/eterle.cz\/eshop\/wp-json\/wp\/v2\/product_cat?post=21708"},{"taxonomy":"product_tag","embeddable":true,"href":"https:\/\/eterle.cz\/eshop\/wp-json\/wp\/v2\/product_tag?post=21708"}],"curies":[{"name":"wp","href":"https:\/\/api.w.org\/{rel}","templated":true}]}}