{"id":21857,"date":"2024-10-25T01:37:05","date_gmt":"2024-10-24T23:37:05","guid":{"rendered":"https:\/\/eterle.cz\/eshop\/produkt\/sada-6-sklenic-na-vodu-2\/"},"modified":"2025-04-21T16:53:16","modified_gmt":"2025-04-21T14:53:16","slug":"sada-6-sklenic-na-vodu-2","status":"publish","type":"product","link":"https:\/\/eterle.cz\/eshop\/produkt\/sada-6-sklenic-na-vodu-2\/","title":{"rendered":"Sada 6 sklenic na vodu"},"content":{"rendered":"<p>Sada 6 sklenic na vodu se siln\u00fdm dnem a oroplastikou, co\u017e je forma plastiky, kter\u00e1 se vyzna\u010duje t\u00edm, \u017ee je leptan\u00e1 do hloubky a r\u016fzn\u00e9ho materi\u00e1lu. Dekorov\u00e1na je nej\u010dast\u011bji zlat\u00fdm p\u00e1sem, jak je tomu i u t\u011bchto sklenic. P\u016fvodn\u00edm dr\u017eitelem patentu na oroplastiku je skl\u00e1rna Moser.<\/p>\n<p>Stav: dobr\u00fd s jemnou patinou na zlat\u00e9m p\u0159ou\u017eku<br \/>\nRozm\u011br<br \/>\nV\u00fd\u0161ka: 13 cm<br \/>\nObjem: 300 ml<\/p>\n","protected":false},"excerpt":{"rendered":"<p>Sada 6 sklenic na vodu se siln\u00fdm dnem a oroplastikou, co\u017e je forma plastiky, kter\u00e1 se vyzna\u010duje t\u00edm, \u017ee je<\/p>\n","protected":false},"featured_media":21858,"template":"","meta":[],"product_brand":[153],"product_cat":[91],"product_tag":[],"class_list":{"0":"post-21857","1":"product","2":"type-product","3":"status-publish","4":"has-post-thumbnail","6":"product_brand-eterle-cz","7":"product_cat-prodane","9":"first","10":"outofstock","11":"purchasable","12":"product-type-simple"},"_links":{"self":[{"href":"https:\/\/eterle.cz\/eshop\/wp-json\/wp\/v2\/product\/21857","targetHints":{"allow":["GET"]}}],"collection":[{"href":"https:\/\/eterle.cz\/eshop\/wp-json\/wp\/v2\/product"}],"about":[{"href":"https:\/\/eterle.cz\/eshop\/wp-json\/wp\/v2\/types\/product"}],"version-history":[{"count":0,"href":"https:\/\/eterle.cz\/eshop\/wp-json\/wp\/v2\/product\/21857\/revisions"}],"wp:featuredmedia":[{"embeddable":true,"href":"https:\/\/eterle.cz\/eshop\/wp-json\/wp\/v2\/media\/21858"}],"wp:attachment":[{"href":"https:\/\/eterle.cz\/eshop\/wp-json\/wp\/v2\/media?parent=21857"}],"wp:term":[{"taxonomy":"product_brand","embeddable":true,"href":"https:\/\/eterle.cz\/eshop\/wp-json\/wp\/v2\/product_brand?post=21857"},{"taxonomy":"product_cat","embeddable":true,"href":"https:\/\/eterle.cz\/eshop\/wp-json\/wp\/v2\/product_cat?post=21857"},{"taxonomy":"product_tag","embeddable":true,"href":"https:\/\/eterle.cz\/eshop\/wp-json\/wp\/v2\/product_tag?post=21857"}],"curies":[{"name":"wp","href":"https:\/\/api.w.org\/{rel}","templated":true}]}}