{"id":22091,"date":"2024-10-31T01:49:57","date_gmt":"2024-10-31T00:49:57","guid":{"rendered":"https:\/\/eterle.cz\/eshop\/produkt\/lustr-koule-art-deco\/"},"modified":"2025-06-24T01:56:28","modified_gmt":"2025-06-23T23:56:28","slug":"lustr-koule-art-deco","status":"publish","type":"product","link":"https:\/\/eterle.cz\/eshop\/produkt\/lustr-koule-art-deco\/","title":{"rendered":"Lustr koule art deco"},"content":{"rendered":"<p>Skl\u011bn\u011bn\u00fd lustr z obdob\u00ed Art Deca. St\u00ednidlo ve smetanov\u00e9 barv\u011b je uprost\u0159ed zdobeno plastick\u00fdm pruhem a je zav\u011b\u0161eno na ty\u010di ozdoben\u00e9 textiln\u00ed \u0161\u0148\u016frou.<\/p>\n<p>Stav: velmi dobr\u00fd, nov\u00e1 elektroinstalace<br \/>\nRozm\u011br<br \/>\nV\u00fd\u0161ka celkov\u00e1: 74 cm<br \/>\nV\u00fd\u0161ka ty\u010de: 51 cm<br \/>\nPr\u016fm\u011br st\u00ednidla: 20 cm<\/p>\n","protected":false},"excerpt":{"rendered":"<p>Skl\u011bn\u011bn\u00fd lustr z obdob\u00ed Art Deca. St\u00ednidlo ve smetanov\u00e9 barv\u011b je uprost\u0159ed zdobeno plastick\u00fdm pruhem a je zav\u011b\u0161eno na ty\u010di<\/p>\n","protected":false},"featured_media":22092,"template":"","meta":[],"product_brand":[153],"product_cat":[79,140],"product_tag":[],"class_list":{"0":"post-22091","1":"product","2":"type-product","3":"status-publish","4":"has-post-thumbnail","6":"product_brand-eterle-cz","7":"product_cat-svetla","8":"product_cat-lustry","9":"product_shipping_class-nadrozmerne","11":"first","12":"instock","13":"purchasable","14":"product-type-simple"},"_links":{"self":[{"href":"https:\/\/eterle.cz\/eshop\/wp-json\/wp\/v2\/product\/22091","targetHints":{"allow":["GET"]}}],"collection":[{"href":"https:\/\/eterle.cz\/eshop\/wp-json\/wp\/v2\/product"}],"about":[{"href":"https:\/\/eterle.cz\/eshop\/wp-json\/wp\/v2\/types\/product"}],"version-history":[{"count":1,"href":"https:\/\/eterle.cz\/eshop\/wp-json\/wp\/v2\/product\/22091\/revisions"}],"predecessor-version":[{"id":26576,"href":"https:\/\/eterle.cz\/eshop\/wp-json\/wp\/v2\/product\/22091\/revisions\/26576"}],"wp:featuredmedia":[{"embeddable":true,"href":"https:\/\/eterle.cz\/eshop\/wp-json\/wp\/v2\/media\/22092"}],"wp:attachment":[{"href":"https:\/\/eterle.cz\/eshop\/wp-json\/wp\/v2\/media?parent=22091"}],"wp:term":[{"taxonomy":"product_brand","embeddable":true,"href":"https:\/\/eterle.cz\/eshop\/wp-json\/wp\/v2\/product_brand?post=22091"},{"taxonomy":"product_cat","embeddable":true,"href":"https:\/\/eterle.cz\/eshop\/wp-json\/wp\/v2\/product_cat?post=22091"},{"taxonomy":"product_tag","embeddable":true,"href":"https:\/\/eterle.cz\/eshop\/wp-json\/wp\/v2\/product_tag?post=22091"}],"curies":[{"name":"wp","href":"https:\/\/api.w.org\/{rel}","templated":true}]}}