{"id":22193,"date":"2024-10-31T01:54:05","date_gmt":"2024-10-31T00:54:05","guid":{"rendered":"https:\/\/eterle.cz\/eshop\/produkt\/lustr-11\/"},"modified":"2025-02-16T02:43:56","modified_gmt":"2025-02-16T01:43:56","slug":"lustr-11","status":"publish","type":"product","link":"https:\/\/eterle.cz\/eshop\/produkt\/lustr-11\/","title":{"rendered":"Lustr"},"content":{"rendered":"<p>Jednoduch\u00fd sklen\u011bn\u00fd lustr s v\u00fdrazn\u00fdm zlat\u00fdm uchycen\u00edm st\u00ednidla.<\/p>\n<p>Stav: dobr\u00fd p\u016fvodn\u00ed, zlat\u00e1 \u010d\u00e1st patina, nov\u00e1 elektroinstalace,<br \/>\nRozm\u011br<br \/>\nV\u00fd\u0161ka celkov\u00e1: 43 cm<br \/>\nV\u00fd\u0161ka ty\u010de: 24 cm<br \/>\nPr\u016fm\u011br st\u00ednidla: 26 cm<\/p>\n","protected":false},"excerpt":{"rendered":"<p>Jednoduch\u00fd sklen\u011bn\u00fd lustr s v\u00fdrazn\u00fdm zlat\u00fdm uchycen\u00edm st\u00ednidla. Stav: dobr\u00fd p\u016fvodn\u00ed, zlat\u00e1 \u010d\u00e1st patina, nov\u00e1 elektroinstalace, Rozm\u011br V\u00fd\u0161ka celkov\u00e1: 43<\/p>\n","protected":false},"featured_media":22194,"template":"","meta":[],"product_brand":[153],"product_cat":[91],"product_tag":[],"class_list":{"0":"post-22193","1":"product","2":"type-product","3":"status-publish","4":"has-post-thumbnail","6":"product_brand-eterle-cz","7":"product_cat-prodane","8":"product_shipping_class-nadrozmerne","10":"first","11":"outofstock","12":"purchasable","13":"product-type-simple"},"_links":{"self":[{"href":"https:\/\/eterle.cz\/eshop\/wp-json\/wp\/v2\/product\/22193","targetHints":{"allow":["GET"]}}],"collection":[{"href":"https:\/\/eterle.cz\/eshop\/wp-json\/wp\/v2\/product"}],"about":[{"href":"https:\/\/eterle.cz\/eshop\/wp-json\/wp\/v2\/types\/product"}],"version-history":[{"count":0,"href":"https:\/\/eterle.cz\/eshop\/wp-json\/wp\/v2\/product\/22193\/revisions"}],"wp:featuredmedia":[{"embeddable":true,"href":"https:\/\/eterle.cz\/eshop\/wp-json\/wp\/v2\/media\/22194"}],"wp:attachment":[{"href":"https:\/\/eterle.cz\/eshop\/wp-json\/wp\/v2\/media?parent=22193"}],"wp:term":[{"taxonomy":"product_brand","embeddable":true,"href":"https:\/\/eterle.cz\/eshop\/wp-json\/wp\/v2\/product_brand?post=22193"},{"taxonomy":"product_cat","embeddable":true,"href":"https:\/\/eterle.cz\/eshop\/wp-json\/wp\/v2\/product_cat?post=22193"},{"taxonomy":"product_tag","embeddable":true,"href":"https:\/\/eterle.cz\/eshop\/wp-json\/wp\/v2\/product_tag?post=22193"}],"curies":[{"name":"wp","href":"https:\/\/api.w.org\/{rel}","templated":true}]}}