{"id":22199,"date":"2024-10-31T01:54:22","date_gmt":"2024-10-31T00:54:22","guid":{"rendered":"https:\/\/eterle.cz\/eshop\/produkt\/lustr-art-deco-3\/"},"modified":"2025-02-16T02:43:55","modified_gmt":"2025-02-16T01:43:55","slug":"lustr-art-deco-3","status":"publish","type":"product","link":"https:\/\/eterle.cz\/eshop\/produkt\/lustr-art-deco-3\/","title":{"rendered":"Lustr Art Deco"},"content":{"rendered":"<p>Neobvykl\u00fd lustr z obdob\u00ed Art Deca s plastick\u00fdm prou\u017ekem v barv\u011b holub\u00ed \u0161edi se bude kr\u00e1sn\u011b vyj\u00edmat v d\u011btsk\u00e9m pokoji nebo v men\u0161\u00ed m\u00edstnosti.<\/p>\n<p>Stav: dobr\u00fd, spodn\u00ed kryt oo\u0161oupan\u00e9 zlato, nov\u00e1 elektroinstalace<br \/>\nRozm\u011br<br \/>\nV\u00fd\u0161ka celkov\u00e1: 66 cm<br \/>\nV\u00fd\u0161ka ty\u010de: 50 cm<br \/>\nCelkov\u00fd pr\u016fm\u011br: 24 cm<\/p>\n","protected":false},"excerpt":{"rendered":"<p>Neobvykl\u00fd lustr z obdob\u00ed Art Deca s plastick\u00fdm prou\u017ekem v barv\u011b holub\u00ed \u0161edi se bude kr\u00e1sn\u011b vyj\u00edmat v d\u011btsk\u00e9m pokoji<\/p>\n","protected":false},"featured_media":22200,"template":"","meta":[],"product_brand":[153],"product_cat":[91],"product_tag":[],"class_list":{"0":"post-22199","1":"product","2":"type-product","3":"status-publish","4":"has-post-thumbnail","6":"product_brand-eterle-cz","7":"product_cat-prodane","8":"product_shipping_class-nadrozmerne","10":"first","11":"outofstock","12":"purchasable","13":"product-type-simple"},"_links":{"self":[{"href":"https:\/\/eterle.cz\/eshop\/wp-json\/wp\/v2\/product\/22199","targetHints":{"allow":["GET"]}}],"collection":[{"href":"https:\/\/eterle.cz\/eshop\/wp-json\/wp\/v2\/product"}],"about":[{"href":"https:\/\/eterle.cz\/eshop\/wp-json\/wp\/v2\/types\/product"}],"version-history":[{"count":0,"href":"https:\/\/eterle.cz\/eshop\/wp-json\/wp\/v2\/product\/22199\/revisions"}],"wp:featuredmedia":[{"embeddable":true,"href":"https:\/\/eterle.cz\/eshop\/wp-json\/wp\/v2\/media\/22200"}],"wp:attachment":[{"href":"https:\/\/eterle.cz\/eshop\/wp-json\/wp\/v2\/media?parent=22199"}],"wp:term":[{"taxonomy":"product_brand","embeddable":true,"href":"https:\/\/eterle.cz\/eshop\/wp-json\/wp\/v2\/product_brand?post=22199"},{"taxonomy":"product_cat","embeddable":true,"href":"https:\/\/eterle.cz\/eshop\/wp-json\/wp\/v2\/product_cat?post=22199"},{"taxonomy":"product_tag","embeddable":true,"href":"https:\/\/eterle.cz\/eshop\/wp-json\/wp\/v2\/product_tag?post=22199"}],"curies":[{"name":"wp","href":"https:\/\/api.w.org\/{rel}","templated":true}]}}