{"id":22243,"date":"2024-10-31T01:56:11","date_gmt":"2024-10-31T00:56:11","guid":{"rendered":"https:\/\/eterle.cz\/eshop\/produkt\/plastova-policka-2\/"},"modified":"2025-06-11T22:48:38","modified_gmt":"2025-06-11T20:48:38","slug":"plastova-policka-2","status":"publish","type":"product","link":"https:\/\/eterle.cz\/eshop\/produkt\/plastova-policka-2\/","title":{"rendered":"Plastov\u00e1 poli\u010dka"},"content":{"rendered":"<p>Plastov\u00e1 z\u00e1v\u011bsn\u00e1 police MONA z obdob\u00ed socialismu byla snad v ka\u017ed\u00e9 panel\u00e1kov\u00e9 koupeln\u011b. Pokud ji vytrhnete z tohoto prost\u0159ed\u00ed, p\u016fsob\u00ed sv\u00fdm tvarem velmi modern\u011b a nad\u010dasov\u011b.<\/p>\n<p>Stav: p\u016fvodn\u00ed, zachoval\u00fd<br \/>\nRozm\u011br<br \/>\nV\u00fd\u0161ka: 30 cm<br \/>\n\u0160\u00ed\u0159ka: 40 cm<br \/>\nHloubka 25 cm<\/p>\n","protected":false},"excerpt":{"rendered":"<p>Plastov\u00e1 z\u00e1v\u011bsn\u00e1 police MONA z obdob\u00ed socialismu byla snad v ka\u017ed\u00e9 panel\u00e1kov\u00e9 koupeln\u011b. Pokud ji vytrhnete z tohoto prost\u0159ed\u00ed, p\u016fsob\u00ed<\/p>\n","protected":false},"featured_media":22244,"template":"","meta":[],"product_brand":[153],"product_cat":[91],"product_tag":[],"class_list":{"0":"post-22243","1":"product","2":"type-product","3":"status-publish","4":"has-post-thumbnail","6":"product_brand-eterle-cz","7":"product_cat-prodane","8":"product_shipping_class-nadrozmerne","10":"first","11":"outofstock","12":"purchasable","13":"product-type-simple"},"_links":{"self":[{"href":"https:\/\/eterle.cz\/eshop\/wp-json\/wp\/v2\/product\/22243","targetHints":{"allow":["GET"]}}],"collection":[{"href":"https:\/\/eterle.cz\/eshop\/wp-json\/wp\/v2\/product"}],"about":[{"href":"https:\/\/eterle.cz\/eshop\/wp-json\/wp\/v2\/types\/product"}],"version-history":[{"count":1,"href":"https:\/\/eterle.cz\/eshop\/wp-json\/wp\/v2\/product\/22243\/revisions"}],"predecessor-version":[{"id":26030,"href":"https:\/\/eterle.cz\/eshop\/wp-json\/wp\/v2\/product\/22243\/revisions\/26030"}],"wp:featuredmedia":[{"embeddable":true,"href":"https:\/\/eterle.cz\/eshop\/wp-json\/wp\/v2\/media\/22244"}],"wp:attachment":[{"href":"https:\/\/eterle.cz\/eshop\/wp-json\/wp\/v2\/media?parent=22243"}],"wp:term":[{"taxonomy":"product_brand","embeddable":true,"href":"https:\/\/eterle.cz\/eshop\/wp-json\/wp\/v2\/product_brand?post=22243"},{"taxonomy":"product_cat","embeddable":true,"href":"https:\/\/eterle.cz\/eshop\/wp-json\/wp\/v2\/product_cat?post=22243"},{"taxonomy":"product_tag","embeddable":true,"href":"https:\/\/eterle.cz\/eshop\/wp-json\/wp\/v2\/product_tag?post=22243"}],"curies":[{"name":"wp","href":"https:\/\/api.w.org\/{rel}","templated":true}]}}