{"id":22267,"date":"2024-10-31T01:57:16","date_gmt":"2024-10-31T00:57:16","guid":{"rendered":"https:\/\/eterle.cz\/eshop\/produkt\/skolni-plakat-houby-v-lese\/"},"modified":"2025-02-16T02:43:51","modified_gmt":"2025-02-16T01:43:51","slug":"skolni-plakat-houby-v-lese","status":"publish","type":"product","link":"https:\/\/eterle.cz\/eshop\/produkt\/skolni-plakat-houby-v-lese\/","title":{"rendered":"\u0160koln\u00ed plak\u00e1t houby v lese"},"content":{"rendered":"<p>\u0160koln\u00ed plak\u00e1t vyobrazuj\u00edc\u00ed houby v lese ud\u011bl\u00e1 jit\u011b radost kdejak\u00e9mu mikologovi \u010di v\u00e1\u0161niv\u00e9mu houba\u0159i.<\/p>\n<p>Stav: dobr\u00fd, jen v horn\u00edm a doln\u00edm prav\u00e9m rohu trochu natr\u017een\u00fd (podlepeno<br \/>\nRozm\u011br<br \/>\nV\u00fd\u0161ka: 88 cm<br \/>\n\u0160\u00ed\u0159ka: 102 cm<\/p>\n","protected":false},"excerpt":{"rendered":"<p>\u0160koln\u00ed plak\u00e1t vyobrazuj\u00edc\u00ed houby v lese ud\u011bl\u00e1 jit\u011b radost kdejak\u00e9mu mikologovi \u010di v\u00e1\u0161niv\u00e9mu houba\u0159i. Stav: dobr\u00fd, jen v horn\u00edm a<\/p>\n","protected":false},"featured_media":22268,"template":"","meta":[],"product_brand":[153],"product_cat":[91],"product_tag":[],"class_list":{"0":"post-22267","1":"product","2":"type-product","3":"status-publish","4":"has-post-thumbnail","6":"product_brand-eterle-cz","7":"product_cat-prodane","8":"product_shipping_class-nadrozmerne","10":"first","11":"outofstock","12":"purchasable","13":"product-type-simple"},"_links":{"self":[{"href":"https:\/\/eterle.cz\/eshop\/wp-json\/wp\/v2\/product\/22267","targetHints":{"allow":["GET"]}}],"collection":[{"href":"https:\/\/eterle.cz\/eshop\/wp-json\/wp\/v2\/product"}],"about":[{"href":"https:\/\/eterle.cz\/eshop\/wp-json\/wp\/v2\/types\/product"}],"version-history":[{"count":0,"href":"https:\/\/eterle.cz\/eshop\/wp-json\/wp\/v2\/product\/22267\/revisions"}],"wp:featuredmedia":[{"embeddable":true,"href":"https:\/\/eterle.cz\/eshop\/wp-json\/wp\/v2\/media\/22268"}],"wp:attachment":[{"href":"https:\/\/eterle.cz\/eshop\/wp-json\/wp\/v2\/media?parent=22267"}],"wp:term":[{"taxonomy":"product_brand","embeddable":true,"href":"https:\/\/eterle.cz\/eshop\/wp-json\/wp\/v2\/product_brand?post=22267"},{"taxonomy":"product_cat","embeddable":true,"href":"https:\/\/eterle.cz\/eshop\/wp-json\/wp\/v2\/product_cat?post=22267"},{"taxonomy":"product_tag","embeddable":true,"href":"https:\/\/eterle.cz\/eshop\/wp-json\/wp\/v2\/product_tag?post=22267"}],"curies":[{"name":"wp","href":"https:\/\/api.w.org\/{rel}","templated":true}]}}