{"id":22273,"date":"2024-10-31T01:57:32","date_gmt":"2024-10-31T00:57:32","guid":{"rendered":"https:\/\/eterle.cz\/eshop\/produkt\/skolni-plakat-premyslovci\/"},"modified":"2025-02-16T02:43:16","modified_gmt":"2025-02-16T01:43:16","slug":"skolni-plakat-premyslovci","status":"publish","type":"product","link":"https:\/\/eterle.cz\/eshop\/produkt\/skolni-plakat-premyslovci\/","title":{"rendered":"\u0160koln\u00ed plak\u00e1t p\u0159emyslovci"},"content":{"rendered":"<p>Velk\u00fd \u0161koln\u00ed pak\u00e1t zobrazuj\u00edc\u00ed mapu \u010desk\u00e9ho st\u00e1tu v obdob\u00ed p\u0159emyslovc\u016f do roku 1306.<\/p>\n<p>Stav: dobr\u00fd, p\u016fvodn\u00ed<br \/>\nRozm\u011br<br \/>\nV\u00fd\u0161ka: 153 cm<br \/>\n\u0160\u00ed\u0159ka: 122 cm<\/p>\n","protected":false},"excerpt":{"rendered":"<p>Velk\u00fd \u0161koln\u00ed pak\u00e1t zobrazuj\u00edc\u00ed mapu \u010desk\u00e9ho st\u00e1tu v obdob\u00ed p\u0159emyslovc\u016f do roku 1306. Stav: dobr\u00fd, p\u016fvodn\u00ed Rozm\u011br V\u00fd\u0161ka: 153 cm<\/p>\n","protected":false},"featured_media":22274,"template":"","meta":[],"product_brand":[153],"product_cat":[91],"product_tag":[],"class_list":{"0":"post-22273","1":"product","2":"type-product","3":"status-publish","4":"has-post-thumbnail","6":"product_brand-eterle-cz","7":"product_cat-prodane","8":"product_shipping_class-nadrozmerne","10":"first","11":"outofstock","12":"purchasable","13":"product-type-simple"},"_links":{"self":[{"href":"https:\/\/eterle.cz\/eshop\/wp-json\/wp\/v2\/product\/22273","targetHints":{"allow":["GET"]}}],"collection":[{"href":"https:\/\/eterle.cz\/eshop\/wp-json\/wp\/v2\/product"}],"about":[{"href":"https:\/\/eterle.cz\/eshop\/wp-json\/wp\/v2\/types\/product"}],"version-history":[{"count":0,"href":"https:\/\/eterle.cz\/eshop\/wp-json\/wp\/v2\/product\/22273\/revisions"}],"wp:featuredmedia":[{"embeddable":true,"href":"https:\/\/eterle.cz\/eshop\/wp-json\/wp\/v2\/media\/22274"}],"wp:attachment":[{"href":"https:\/\/eterle.cz\/eshop\/wp-json\/wp\/v2\/media?parent=22273"}],"wp:term":[{"taxonomy":"product_brand","embeddable":true,"href":"https:\/\/eterle.cz\/eshop\/wp-json\/wp\/v2\/product_brand?post=22273"},{"taxonomy":"product_cat","embeddable":true,"href":"https:\/\/eterle.cz\/eshop\/wp-json\/wp\/v2\/product_cat?post=22273"},{"taxonomy":"product_tag","embeddable":true,"href":"https:\/\/eterle.cz\/eshop\/wp-json\/wp\/v2\/product_tag?post=22273"}],"curies":[{"name":"wp","href":"https:\/\/api.w.org\/{rel}","templated":true}]}}