{"id":22446,"date":"2024-12-13T16:58:01","date_gmt":"2024-12-13T15:58:01","guid":{"rendered":"https:\/\/eterle.cz\/eshop\/produkt\/set-4-zidli-styl-brusel\/"},"modified":"2025-06-24T01:56:26","modified_gmt":"2025-06-23T23:56:26","slug":"set-4-zidli-styl-brusel","status":"publish","type":"product","link":"https:\/\/eterle.cz\/eshop\/produkt\/set-4-zidli-styl-brusel\/","title":{"rendered":"Set 4 \u017eidl\u00ed styl Brusel"},"content":{"rendered":"<p>\u017didle k\u0159es\u00edlkovit\u00e9ho tvaru z 60. let minul\u00e9ho stolet\u00ed v \u017e\u00e1dn\u00e9m bruselsk\u00e9m designu. Tento styl se dob\u0159e kombinuje jak s modern\u00edm tak retro n\u00e1bytkem. \u017didle jsou nov\u011b \u010daloun\u011bn\u00e9 potahov\u00fdm sametem z It\u00e1lie.<\/p>\n<p>Stav: nov\u00e9 \u010daloun\u011bn\u00ed, d\u0159evo p\u016fvodn\u00ed<br \/>\nZna\u010dka: styl Brusel<br \/>\nRozm\u011br<br \/>\nV\u00fd\u0161ka: 81 cm<br \/>\n\u0160\u00ed\u0159ka: 44 cm<br \/>\nHloubka: 52 cm<\/p>\n<p>&nbsp;<\/p>\n","protected":false},"excerpt":{"rendered":"<p>\u017didle k\u0159es\u00edlkovit\u00e9ho tvaru z 60. let minul\u00e9ho stolet\u00ed v \u017e\u00e1dn\u00e9m bruselsk\u00e9m designu. Tento styl se dob\u0159e kombinuje jak s modern\u00edm<\/p>\n","protected":false},"featured_media":22447,"template":"","meta":[],"product_brand":[153],"product_cat":[130,121],"product_tag":[],"class_list":{"0":"post-22446","1":"product","2":"type-product","3":"status-publish","4":"has-post-thumbnail","6":"product_brand-eterle-cz","7":"product_cat-nabytek","8":"product_cat-zidle","9":"product_shipping_class-nadrozmerne","11":"first","12":"instock","13":"purchasable","14":"product-type-simple"},"_links":{"self":[{"href":"https:\/\/eterle.cz\/eshop\/wp-json\/wp\/v2\/product\/22446","targetHints":{"allow":["GET"]}}],"collection":[{"href":"https:\/\/eterle.cz\/eshop\/wp-json\/wp\/v2\/product"}],"about":[{"href":"https:\/\/eterle.cz\/eshop\/wp-json\/wp\/v2\/types\/product"}],"version-history":[{"count":1,"href":"https:\/\/eterle.cz\/eshop\/wp-json\/wp\/v2\/product\/22446\/revisions"}],"predecessor-version":[{"id":26565,"href":"https:\/\/eterle.cz\/eshop\/wp-json\/wp\/v2\/product\/22446\/revisions\/26565"}],"wp:featuredmedia":[{"embeddable":true,"href":"https:\/\/eterle.cz\/eshop\/wp-json\/wp\/v2\/media\/22447"}],"wp:attachment":[{"href":"https:\/\/eterle.cz\/eshop\/wp-json\/wp\/v2\/media?parent=22446"}],"wp:term":[{"taxonomy":"product_brand","embeddable":true,"href":"https:\/\/eterle.cz\/eshop\/wp-json\/wp\/v2\/product_brand?post=22446"},{"taxonomy":"product_cat","embeddable":true,"href":"https:\/\/eterle.cz\/eshop\/wp-json\/wp\/v2\/product_cat?post=22446"},{"taxonomy":"product_tag","embeddable":true,"href":"https:\/\/eterle.cz\/eshop\/wp-json\/wp\/v2\/product_tag?post=22446"}],"curies":[{"name":"wp","href":"https:\/\/api.w.org\/{rel}","templated":true}]}}