{"id":22470,"date":"2024-12-13T16:58:39","date_gmt":"2024-12-13T15:58:39","guid":{"rendered":"https:\/\/eterle.cz\/eshop\/produkt\/stolicka-vanek\/"},"modified":"2025-02-16T02:43:13","modified_gmt":"2025-02-16T01:43:13","slug":"stolicka-vanek","status":"publish","type":"product","link":"https:\/\/eterle.cz\/eshop\/produkt\/stolicka-vanek\/","title":{"rendered":"Stoli\u010dka \/ Van\u011bk"},"content":{"rendered":"<p>Stoli\u010dka po celkov\u00e9 renovaci ze 60. let minul\u00e9ho sotlet\u00ed od n\u00e1vrh\u00e1\u0159e Jana Va\u0148ka pro Kr\u00e1snou jizbu.<\/p>\n<p>Stav: Po celkov\u00e9 renovaci<br \/>\nZna\u010dka: Jan Van\u011bk, Kr\u00e1sn\u00e1 jizba<br \/>\nRozm\u011br<br \/>\nV\u00fd\u0161ka: 43 cm<br \/>\n\u0160\u00ed\u0159ka: 59 cm<br \/>\nHloubka: 38 cm<\/p>\n<p>&nbsp;<\/p>\n","protected":false},"excerpt":{"rendered":"<p>Stoli\u010dka po celkov\u00e9 renovaci ze 60. let minul\u00e9ho sotlet\u00ed od n\u00e1vrh\u00e1\u0159e Jana Va\u0148ka pro Kr\u00e1snou jizbu. Stav: Po celkov\u00e9 renovaci<\/p>\n","protected":false},"featured_media":22471,"template":"","meta":[],"product_brand":[153],"product_cat":[91],"product_tag":[],"class_list":{"0":"post-22470","1":"product","2":"type-product","3":"status-publish","4":"has-post-thumbnail","6":"product_brand-eterle-cz","7":"product_cat-prodane","8":"product_shipping_class-nadrozmerne","10":"first","11":"outofstock","12":"purchasable","13":"product-type-simple"},"_links":{"self":[{"href":"https:\/\/eterle.cz\/eshop\/wp-json\/wp\/v2\/product\/22470","targetHints":{"allow":["GET"]}}],"collection":[{"href":"https:\/\/eterle.cz\/eshop\/wp-json\/wp\/v2\/product"}],"about":[{"href":"https:\/\/eterle.cz\/eshop\/wp-json\/wp\/v2\/types\/product"}],"version-history":[{"count":0,"href":"https:\/\/eterle.cz\/eshop\/wp-json\/wp\/v2\/product\/22470\/revisions"}],"wp:featuredmedia":[{"embeddable":true,"href":"https:\/\/eterle.cz\/eshop\/wp-json\/wp\/v2\/media\/22471"}],"wp:attachment":[{"href":"https:\/\/eterle.cz\/eshop\/wp-json\/wp\/v2\/media?parent=22470"}],"wp:term":[{"taxonomy":"product_brand","embeddable":true,"href":"https:\/\/eterle.cz\/eshop\/wp-json\/wp\/v2\/product_brand?post=22470"},{"taxonomy":"product_cat","embeddable":true,"href":"https:\/\/eterle.cz\/eshop\/wp-json\/wp\/v2\/product_cat?post=22470"},{"taxonomy":"product_tag","embeddable":true,"href":"https:\/\/eterle.cz\/eshop\/wp-json\/wp\/v2\/product_tag?post=22470"}],"curies":[{"name":"wp","href":"https:\/\/api.w.org\/{rel}","templated":true}]}}