{"id":22673,"date":"2024-12-13T17:23:33","date_gmt":"2024-12-13T16:23:33","guid":{"rendered":"https:\/\/eterle.cz\/eshop\/produkt\/sada-6-dezertnich-taliru-villeroy-boch\/"},"modified":"2025-06-24T01:56:21","modified_gmt":"2025-06-23T23:56:21","slug":"sada-6-dezertnich-taliru-villeroy-boch","status":"publish","type":"product","link":"https:\/\/eterle.cz\/eshop\/produkt\/sada-6-dezertnich-taliru-villeroy-boch\/","title":{"rendered":"Sada 6 dezertn\u00edch tal\u00ed\u0159\u016f \/ Villeroy Boch"},"content":{"rendered":"<p>Staro\u017eitn\u00e1 sada dezertn\u00edch tal\u00ed\u0159k\u016f od renomovan\u00e9 n\u011bmeck\u00e9 spole\u010dnosit Villeroy &#038; Boch, jej\u00ed\u017e historie sah\u00e1 a\u017e do roku 1748, kdy byla zalo\u017eena Fran\u00e7oisem Bochem a Nicolaem Villeroyem. Tato n\u00e1dhern\u00e1 staro\u017eitn\u00e1 sada tal\u00ed\u0159k\u016f se vzorem elbe je jak z anglick\u00e9ho venkovsk\u00e9ho s\u00eddla. <\/p>\n<p>Jako jedna z nejstar\u0161\u00edch a nejzn\u00e1m\u011bj\u0161\u00edch evropsk\u00fdch zna\u010dek si Villeroy &#038; Boch ji\u017e v polovin\u011b 19. stolet\u00ed vybudovala zastoupen\u00ed p\u0159esahuj\u00edc\u00ed Evropu. Od sam\u00e9ho po\u010d\u00e1tku je pr\u016fkopn\u00edkem v oblasti inovativn\u00edch materi\u00e1l\u016f, v\u00fdrobn\u00edch technik a p\u0159edev\u0161\u00edm designu \u2013 jednoho z nejd\u016fle\u017eit\u011bj\u0161\u00edch atribut\u016f zna\u010dky. Souhra mezi tradic\u00ed a modernost\u00ed je kl\u00ed\u010dov\u00fdm faktorem t\u00e9to zna\u010dky.<\/p>\n<p>Stav: 4 velmi dobr\u00fd stav, 2 bez\u0165uku ale zn\u00e1mky st\u00e1\u0159\u00ed &#8211; za\u017eloutl\u00e1 barva; p\u0159i detailn\u00edm prohl\u00ed\u017een\u00ed je patrna pavu\u010dinkov\u011b zkrakelovan\u00e1 glazura, co\u017e je u tohoto porcel\u00e1nu b\u011b\u017en\u00e9.<br \/>\nZna\u010dka: Villeroy Boch<br \/>\nRozm\u011br<br \/>\nPr\u016fm\u011br tal\u00ed\u0159ku: 19 cm<\/p>\n","protected":false},"excerpt":{"rendered":"<p>Staro\u017eitn\u00e1 sada dezertn\u00edch tal\u00ed\u0159k\u016f od renomovan\u00e9 n\u011bmeck\u00e9 spole\u010dnosit Villeroy &#038; Boch, jej\u00ed\u017e historie sah\u00e1 a\u017e do roku 1748, kdy byla<\/p>\n","protected":false},"featured_media":22674,"template":"","meta":[],"product_brand":[153],"product_cat":[76,109],"product_tag":[],"class_list":{"0":"post-22673","1":"product","2":"type-product","3":"status-publish","4":"has-post-thumbnail","6":"product_brand-eterle-cz","7":"product_cat-porcelan","8":"product_cat-talire","10":"first","11":"instock","12":"purchasable","13":"product-type-simple"},"_links":{"self":[{"href":"https:\/\/eterle.cz\/eshop\/wp-json\/wp\/v2\/product\/22673","targetHints":{"allow":["GET"]}}],"collection":[{"href":"https:\/\/eterle.cz\/eshop\/wp-json\/wp\/v2\/product"}],"about":[{"href":"https:\/\/eterle.cz\/eshop\/wp-json\/wp\/v2\/types\/product"}],"version-history":[{"count":1,"href":"https:\/\/eterle.cz\/eshop\/wp-json\/wp\/v2\/product\/22673\/revisions"}],"predecessor-version":[{"id":26544,"href":"https:\/\/eterle.cz\/eshop\/wp-json\/wp\/v2\/product\/22673\/revisions\/26544"}],"wp:featuredmedia":[{"embeddable":true,"href":"https:\/\/eterle.cz\/eshop\/wp-json\/wp\/v2\/media\/22674"}],"wp:attachment":[{"href":"https:\/\/eterle.cz\/eshop\/wp-json\/wp\/v2\/media?parent=22673"}],"wp:term":[{"taxonomy":"product_brand","embeddable":true,"href":"https:\/\/eterle.cz\/eshop\/wp-json\/wp\/v2\/product_brand?post=22673"},{"taxonomy":"product_cat","embeddable":true,"href":"https:\/\/eterle.cz\/eshop\/wp-json\/wp\/v2\/product_cat?post=22673"},{"taxonomy":"product_tag","embeddable":true,"href":"https:\/\/eterle.cz\/eshop\/wp-json\/wp\/v2\/product_tag?post=22673"}],"curies":[{"name":"wp","href":"https:\/\/api.w.org\/{rel}","templated":true}]}}

Sada 6 dezertních talířů / Villeroy Boch

<p>Starožitná sada dezertních talířků od renomované německé společnosit Villeroy &#038; Boch, jejíž historie sahá až do roku 1748, kdy byla založena Françoisem Bochem a Nicolaem Villeroyem. Tato nádherná starožitná sada talířků se vzorem elbe je jak z anglického venkovského sídla. </p>
<p>Jako jedna z nejstarších a nejznámějších evropských značek si Villeroy &#038; Boch již v polovině 19. století vybudovala zastoupení přesahující Evropu. Od samého počátku je průkopníkem v oblasti inovativních materiálů, výrobních technik a především designu – jednoho z nejdůležitějších atributů značky. Souhra mezi tradicí a moderností je klíčovým faktorem této značky.</p>
<p>Stav: 4 velmi dobrý stav, 2 bezťuku ale známky stáří &#8211; zažloutlá barva; při detailním prohlížení je patrna pavučinkově zkrakelovaná glazura, což je u tohoto porcelánu běžné.<br />
Značka: Villeroy Boch<br />
Rozměr<br />
Průměr talířku: 19 cm</p>

<p>Starožitná sada dezertních talířků od renomované německé společnosit Villeroy &#038; Boch, jejíž historie sahá až do roku 1748, kdy byla</p>
