{"id":22786,"date":"2024-12-13T17:27:29","date_gmt":"2024-12-13T16:27:29","guid":{"rendered":"https:\/\/eterle.cz\/eshop\/produkt\/jidelni-sada-pro-6-alka-kunst\/"},"modified":"2025-02-16T02:43:00","modified_gmt":"2025-02-16T01:43:00","slug":"jidelni-sada-pro-6-alka-kunst","status":"publish","type":"product","link":"https:\/\/eterle.cz\/eshop\/produkt\/jidelni-sada-pro-6-alka-kunst\/","title":{"rendered":"J\u00eddeln\u00ed sada pro 6 \/ Alka Kunst"},"content":{"rendered":"<p>Minimalistick\u00e1 elegantn\u00ed j\u00eddeln\u00ed sada pro 6 osob od zna\u010dky Alka Kunst ve slonov\u00e9 barv\u011b s decentn\u00edm zlat\u00fdm prou\u017ekem. <\/p>\n<p>Sada obsahuje 23 kus\u016f: 6 x m\u011blk\u00fd tal\u00ed\u0159, 6x hlubok\u00fd tal\u00ed\u0159, 6x dezertn\u00ed tal\u00ed\u0159ek, 2x sal\u00e1tov\u00e1 m\u00edsa, ov\u00e1lnou m\u00edsu, m\u00edsu s poklopem, om\u00e1\u010dn\u00edk<\/p>\n<p>Stav: v\u00fdborn\u00fd<br \/>\nZna\u010dka: Alka Kunst Bavaria<br \/>\nRozm\u011br<br \/>\nPr\u016fm\u011br m\u011blk\u00e9ho tal\u00ed\u0159e: 24,5 cm<br \/>\nPr\u016fm\u011br hlubok\u00e9ho tal\u00ed\u0159e: 22 cm<br \/>\nPr\u016fm\u011br dezertn\u00edho tal\u00ed\u0159ku: 19,5 cm<br \/>\nSal\u00e1tov\u00e1 m\u00edsa: pr\u016fm\u011br 26 cm, v\u00fd\u0161ka 7 cm<br \/>\nSal\u00e1tov\u00e1 m\u00edsa: pr\u016fm\u011br 23 cm, v\u00fd\u0161ka 7 cm<br \/>\nOv\u00e1ln\u00e1 m\u00edsa: 36,5 x 26 cm<br \/>\nM\u00edsa s poklopem: 1,1 l<br \/>\nOm\u00e1\u010dn\u00edk: pr\u016fm\u011br 18 cm, v\u00fd\u0161ka 10 cm<\/p>\n","protected":false},"excerpt":{"rendered":"<p>Minimalistick\u00e1 elegantn\u00ed j\u00eddeln\u00ed sada pro 6 osob od zna\u010dky Alka Kunst ve slonov\u00e9 barv\u011b s decentn\u00edm zlat\u00fdm prou\u017ekem. Sada obsahuje<\/p>\n","protected":false},"featured_media":22787,"template":"","meta":[],"product_brand":[153],"product_cat":[91],"product_tag":[],"class_list":{"0":"post-22786","1":"product","2":"type-product","3":"status-publish","4":"has-post-thumbnail","6":"product_brand-eterle-cz","7":"product_cat-prodane","9":"first","10":"outofstock","11":"purchasable","12":"product-type-simple"},"_links":{"self":[{"href":"https:\/\/eterle.cz\/eshop\/wp-json\/wp\/v2\/product\/22786","targetHints":{"allow":["GET"]}}],"collection":[{"href":"https:\/\/eterle.cz\/eshop\/wp-json\/wp\/v2\/product"}],"about":[{"href":"https:\/\/eterle.cz\/eshop\/wp-json\/wp\/v2\/types\/product"}],"version-history":[{"count":1,"href":"https:\/\/eterle.cz\/eshop\/wp-json\/wp\/v2\/product\/22786\/revisions"}],"predecessor-version":[{"id":23030,"href":"https:\/\/eterle.cz\/eshop\/wp-json\/wp\/v2\/product\/22786\/revisions\/23030"}],"wp:featuredmedia":[{"embeddable":true,"href":"https:\/\/eterle.cz\/eshop\/wp-json\/wp\/v2\/media\/22787"}],"wp:attachment":[{"href":"https:\/\/eterle.cz\/eshop\/wp-json\/wp\/v2\/media?parent=22786"}],"wp:term":[{"taxonomy":"product_brand","embeddable":true,"href":"https:\/\/eterle.cz\/eshop\/wp-json\/wp\/v2\/product_brand?post=22786"},{"taxonomy":"product_cat","embeddable":true,"href":"https:\/\/eterle.cz\/eshop\/wp-json\/wp\/v2\/product_cat?post=22786"},{"taxonomy":"product_tag","embeddable":true,"href":"https:\/\/eterle.cz\/eshop\/wp-json\/wp\/v2\/product_tag?post=22786"}],"curies":[{"name":"wp","href":"https:\/\/api.w.org\/{rel}","templated":true}]}}