{"id":22796,"date":"2024-12-13T17:27:50","date_gmt":"2024-12-13T16:27:50","guid":{"rendered":"https:\/\/eterle.cz\/eshop\/produkt\/jidelni-sada-pro-6-hutschenreuther-2\/"},"modified":"2025-11-09T00:34:09","modified_gmt":"2025-11-08T23:34:09","slug":"jidelni-sada-pro-6-hutschenreuther-2","status":"publish","type":"product","link":"https:\/\/eterle.cz\/eshop\/produkt\/jidelni-sada-pro-6-hutschenreuther-2\/","title":{"rendered":"J\u00eddeln\u00ed sada pro 6 \/ Hutschenreuther"},"content":{"rendered":"<p>Velmi elegantn\u00ed j\u00eddeln\u00ed sada pro 6 osob od n\u011bmeck\u00e9 porcel\u00e1nky Hutschenreuther, kter\u00e1 pat\u0159\u00ed do skupiny Rosenthal. Kombinace kobaltov\u011b modr\u00e9 a zlat\u00e9 p\u016fsob\u00ed velmi slavnostn\u011b a tato elegance je podt\u0159\u017eena je\u0161t\u011b  jemn\u00fdm vzorem.<\/p>\n<p>Sada obsahuje: 6 hlubok\u00fdch, 6 m\u011blk\u00fdch a 6 dezertn\u00edch tal\u00ed\u0159\u016f<\/p>\n<p>Stav: velmi dobr\u00fd<br \/>\nZna\u010dka: Hutschenreuther<br \/>\nRozm\u011br<br \/>\nPr\u016fm\u011br m\u011blk\u00e9ho tal\u00ed\u0159e: 25 cm<br \/>\nPr\u016fm\u011br hlubok\u00e9ho tal\u00ed\u0159e: 25 cm<br \/>\nPr\u016fm\u011br dezertn\u00edho tal\u00ed\u0159ku: 19 cm<\/p>\n","protected":false},"excerpt":{"rendered":"<p>Velmi elegantn\u00ed j\u00eddeln\u00ed sada pro 6 osob od n\u011bmeck\u00e9 porcel\u00e1nky Hutschenreuther, kter\u00e1 pat\u0159\u00ed do skupiny Rosenthal. Kombinace kobaltov\u011b modr\u00e9 a<\/p>\n","protected":false},"featured_media":22797,"template":"","meta":[],"product_brand":[153],"product_cat":[91],"product_tag":[],"class_list":{"0":"post-22796","1":"product","2":"type-product","3":"status-publish","4":"has-post-thumbnail","6":"product_brand-eterle-cz","7":"product_cat-prodane","9":"first","10":"outofstock","11":"purchasable","12":"product-type-simple"},"_links":{"self":[{"href":"https:\/\/eterle.cz\/eshop\/wp-json\/wp\/v2\/product\/22796","targetHints":{"allow":["GET"]}}],"collection":[{"href":"https:\/\/eterle.cz\/eshop\/wp-json\/wp\/v2\/product"}],"about":[{"href":"https:\/\/eterle.cz\/eshop\/wp-json\/wp\/v2\/types\/product"}],"version-history":[{"count":1,"href":"https:\/\/eterle.cz\/eshop\/wp-json\/wp\/v2\/product\/22796\/revisions"}],"predecessor-version":[{"id":26533,"href":"https:\/\/eterle.cz\/eshop\/wp-json\/wp\/v2\/product\/22796\/revisions\/26533"}],"wp:featuredmedia":[{"embeddable":true,"href":"https:\/\/eterle.cz\/eshop\/wp-json\/wp\/v2\/media\/22797"}],"wp:attachment":[{"href":"https:\/\/eterle.cz\/eshop\/wp-json\/wp\/v2\/media?parent=22796"}],"wp:term":[{"taxonomy":"product_brand","embeddable":true,"href":"https:\/\/eterle.cz\/eshop\/wp-json\/wp\/v2\/product_brand?post=22796"},{"taxonomy":"product_cat","embeddable":true,"href":"https:\/\/eterle.cz\/eshop\/wp-json\/wp\/v2\/product_cat?post=22796"},{"taxonomy":"product_tag","embeddable":true,"href":"https:\/\/eterle.cz\/eshop\/wp-json\/wp\/v2\/product_tag?post=22796"}],"curies":[{"name":"wp","href":"https:\/\/api.w.org\/{rel}","templated":true}]}}