{"id":22811,"date":"2024-12-13T17:28:21","date_gmt":"2024-12-13T16:28:21","guid":{"rendered":"https:\/\/eterle.cz\/eshop\/produkt\/svicen-s-andelickem-grafenthal\/"},"modified":"2026-02-01T00:22:14","modified_gmt":"2026-01-31T23:22:14","slug":"svicen-s-andelickem-grafenthal","status":"publish","type":"product","link":"https:\/\/eterle.cz\/eshop\/produkt\/svicen-s-andelickem-grafenthal\/","title":{"rendered":"Sv\u00edcen s and\u011bl\u00ed\u010dkem \/ Gr\u00e4fenthal"},"content":{"rendered":"<p>Porcel\u00e1nov\u00fd sv\u00edcen v barokn\u00edm stylu na konickou sv\u00ed\u010dku. Sv\u00edcny budou kr\u00e1sn\u00e9 na j\u00eddeln\u00edm stolu v p\u00e1ru, ale i samostatn\u011b na komod\u011b vytvo\u0159\u00ed v\u00e1no\u010dn\u00ed atmosf\u00e9ru. Jeden je orientovan\u00fd napravo a druh\u00fd nalevo, pros\u00edm uv\u00e9st do pozn\u00e1mky o jak\u00fd m\u00e1te z\u00e1jem.<\/p>\n<p>Stav: velmi dobr\u00fd<br \/>\nZna\u010dka: Gr\u00e4fenthal-Carl, Scheiding N\u011bmecko<br \/>\nRozm\u011br<br \/>\nV\u00fd\u0161ka: 13 cm<br \/>\n\u0160\u00ed\u0159ka: 10 cm<br \/>\nPr\u016fm\u011br na sv\u00ed\u010dku: 2 cm<\/p>\n","protected":false},"excerpt":{"rendered":"<p>Porcel\u00e1nov\u00fd sv\u00edcen v barokn\u00edm stylu na konickou sv\u00ed\u010dku. Sv\u00edcny budou kr\u00e1sn\u00e9 na j\u00eddeln\u00edm stolu v p\u00e1ru, ale i samostatn\u011b na<\/p>\n","protected":false},"featured_media":22812,"template":"","meta":[],"product_brand":[153],"product_cat":[91],"product_tag":[],"class_list":{"0":"post-22811","1":"product","2":"type-product","3":"status-publish","4":"has-post-thumbnail","6":"product_brand-eterle-cz","7":"product_cat-prodane","9":"first","10":"outofstock","11":"purchasable","12":"product-type-simple"},"_links":{"self":[{"href":"https:\/\/eterle.cz\/eshop\/wp-json\/wp\/v2\/product\/22811","targetHints":{"allow":["GET"]}}],"collection":[{"href":"https:\/\/eterle.cz\/eshop\/wp-json\/wp\/v2\/product"}],"about":[{"href":"https:\/\/eterle.cz\/eshop\/wp-json\/wp\/v2\/types\/product"}],"version-history":[{"count":1,"href":"https:\/\/eterle.cz\/eshop\/wp-json\/wp\/v2\/product\/22811\/revisions"}],"predecessor-version":[{"id":26531,"href":"https:\/\/eterle.cz\/eshop\/wp-json\/wp\/v2\/product\/22811\/revisions\/26531"}],"wp:featuredmedia":[{"embeddable":true,"href":"https:\/\/eterle.cz\/eshop\/wp-json\/wp\/v2\/media\/22812"}],"wp:attachment":[{"href":"https:\/\/eterle.cz\/eshop\/wp-json\/wp\/v2\/media?parent=22811"}],"wp:term":[{"taxonomy":"product_brand","embeddable":true,"href":"https:\/\/eterle.cz\/eshop\/wp-json\/wp\/v2\/product_brand?post=22811"},{"taxonomy":"product_cat","embeddable":true,"href":"https:\/\/eterle.cz\/eshop\/wp-json\/wp\/v2\/product_cat?post=22811"},{"taxonomy":"product_tag","embeddable":true,"href":"https:\/\/eterle.cz\/eshop\/wp-json\/wp\/v2\/product_tag?post=22811"}],"curies":[{"name":"wp","href":"https:\/\/api.w.org\/{rel}","templated":true}]}}

Svícen s andělíčkem / Gräfenthal

<p>Porcelánový svícen v barokním stylu na konickou svíčku. Svícny budou krásné na jídelním stolu v páru, ale i samostatně na komodě vytvoří vánoční atmosféru. Jeden je orientovaný napravo a druhý nalevo, prosím uvést do poznámky o jaký máte zájem.</p>
<p>Stav: velmi dobrý<br />
Značka: Gräfenthal-Carl, Scheiding Německo<br />
Rozměr<br />
Výška: 13 cm<br />
Šířka: 10 cm<br />
Průměr na svíčku: 2 cm</p>

<p>Porcelánový svícen v barokním stylu na konickou svíčku. Svícny budou krásné na jídelním stolu v páru, ale i samostatně na</p>
