{"id":22961,"date":"2024-12-13T17:33:56","date_gmt":"2024-12-13T16:33:56","guid":{"rendered":"https:\/\/eterle.cz\/eshop\/produkt\/cerna-misa-2\/"},"modified":"2026-02-16T22:16:23","modified_gmt":"2026-02-16T21:16:23","slug":"cerna-misa-2","status":"publish","type":"product","link":"https:\/\/eterle.cz\/eshop\/produkt\/cerna-misa-2\/","title":{"rendered":"\u010cern\u00e1 m\u00edsa"},"content":{"rendered":"<p>\u010cern\u00e1 sklen\u011bn\u00e1 m\u00edsa na no\u017ei\u010dk\u00e1ch v nyn\u00ed modern\u00ed \u010dern\u00e9 barv\u011b, kter\u00e1 p\u016fsob\u00ed v\u017edy elegant\u00edm dojmem.<\/p>\n<p>Stav:velmi dobr\u00fd<br \/>\nRozm\u011br<br \/>\nV\u00fd\u0161ka: 11 cm<br \/>\nPr\u016fm\u011br: 18 cm<\/p>\n","protected":false},"excerpt":{"rendered":"<p>\u010cern\u00e1 sklen\u011bn\u00e1 m\u00edsa na no\u017ei\u010dk\u00e1ch v nyn\u00ed modern\u00ed \u010dern\u00e9 barv\u011b, kter\u00e1 p\u016fsob\u00ed v\u017edy elegant\u00edm dojmem. Stav:velmi dobr\u00fd Rozm\u011br V\u00fd\u0161ka: 11<\/p>\n","protected":false},"featured_media":22962,"template":"","meta":[],"product_brand":[153],"product_cat":[75,133],"product_tag":[],"class_list":{"0":"post-22961","1":"product","2":"type-product","3":"status-publish","4":"has-post-thumbnail","6":"product_brand-eterle-cz","7":"product_cat-sklo","8":"product_cat-misy-sklo","10":"first","11":"instock","12":"purchasable","13":"product-type-simple"},"_links":{"self":[{"href":"https:\/\/eterle.cz\/eshop\/wp-json\/wp\/v2\/product\/22961","targetHints":{"allow":["GET"]}}],"collection":[{"href":"https:\/\/eterle.cz\/eshop\/wp-json\/wp\/v2\/product"}],"about":[{"href":"https:\/\/eterle.cz\/eshop\/wp-json\/wp\/v2\/types\/product"}],"version-history":[{"count":1,"href":"https:\/\/eterle.cz\/eshop\/wp-json\/wp\/v2\/product\/22961\/revisions"}],"predecessor-version":[{"id":26618,"href":"https:\/\/eterle.cz\/eshop\/wp-json\/wp\/v2\/product\/22961\/revisions\/26618"}],"wp:featuredmedia":[{"embeddable":true,"href":"https:\/\/eterle.cz\/eshop\/wp-json\/wp\/v2\/media\/22962"}],"wp:attachment":[{"href":"https:\/\/eterle.cz\/eshop\/wp-json\/wp\/v2\/media?parent=22961"}],"wp:term":[{"taxonomy":"product_brand","embeddable":true,"href":"https:\/\/eterle.cz\/eshop\/wp-json\/wp\/v2\/product_brand?post=22961"},{"taxonomy":"product_cat","embeddable":true,"href":"https:\/\/eterle.cz\/eshop\/wp-json\/wp\/v2\/product_cat?post=22961"},{"taxonomy":"product_tag","embeddable":true,"href":"https:\/\/eterle.cz\/eshop\/wp-json\/wp\/v2\/product_tag?post=22961"}],"curies":[{"name":"wp","href":"https:\/\/api.w.org\/{rel}","templated":true}]}}