{"id":22989,"date":"2024-12-13T17:34:58","date_gmt":"2024-12-13T16:34:58","guid":{"rendered":"https:\/\/eterle.cz\/eshop\/produkt\/porcelanova-vaza-kpm-4\/"},"modified":"2025-02-16T02:42:46","modified_gmt":"2025-02-16T01:42:46","slug":"porcelanova-vaza-kpm-4","status":"publish","type":"product","link":"https:\/\/eterle.cz\/eshop\/produkt\/porcelanova-vaza-kpm-4\/","title":{"rendered":"Porcel\u00e1nov\u00e1 v\u00e1za \/ KPM"},"content":{"rendered":"<p>Vy\u0161\u0161\u00ed zcela minimalistick\u00e1 porcel\u00e1nov\u00e1 v\u00e1za od n\u011bmeck\u00e9 velmi \u00fasp\u011b\u0161n\u00e9 porcel\u00e1nky KPM, kter\u00e1 d\u00edky jednoduch\u00e9mu tvaru bude slu\u0161et ka\u017ed\u00e9 kv\u011btin\u011b. Vzhledem ke sv\u00e9 velikosti udr\u017e\u00ed i drobn\u011bj\u0161\u00ed v\u011btve.<\/p>\n<p>Stav: v\u00fdborn\u00fd<br \/>\nZna\u010dka: KPM<br \/>\nRozm\u011br<br \/>\nV\u00fd\u0161ka: 30 cm<br \/>\nPr\u016fm\u011br otvoru: 8 cm<\/p>\n","protected":false},"excerpt":{"rendered":"<p>Vy\u0161\u0161\u00ed zcela minimalistick\u00e1 porcel\u00e1nov\u00e1 v\u00e1za od n\u011bmeck\u00e9 velmi \u00fasp\u011b\u0161n\u00e9 porcel\u00e1nky KPM, kter\u00e1 d\u00edky jednoduch\u00e9mu tvaru bude slu\u0161et ka\u017ed\u00e9 kv\u011btin\u011b. Vzhledem<\/p>\n","protected":false},"featured_media":22990,"template":"","meta":[],"product_brand":[153],"product_cat":[91],"product_tag":[],"class_list":{"0":"post-22989","1":"product","2":"type-product","3":"status-publish","4":"has-post-thumbnail","6":"product_brand-eterle-cz","7":"product_cat-prodane","9":"first","10":"outofstock","11":"purchasable","12":"product-type-simple"},"_links":{"self":[{"href":"https:\/\/eterle.cz\/eshop\/wp-json\/wp\/v2\/product\/22989","targetHints":{"allow":["GET"]}}],"collection":[{"href":"https:\/\/eterle.cz\/eshop\/wp-json\/wp\/v2\/product"}],"about":[{"href":"https:\/\/eterle.cz\/eshop\/wp-json\/wp\/v2\/types\/product"}],"version-history":[{"count":0,"href":"https:\/\/eterle.cz\/eshop\/wp-json\/wp\/v2\/product\/22989\/revisions"}],"wp:featuredmedia":[{"embeddable":true,"href":"https:\/\/eterle.cz\/eshop\/wp-json\/wp\/v2\/media\/22990"}],"wp:attachment":[{"href":"https:\/\/eterle.cz\/eshop\/wp-json\/wp\/v2\/media?parent=22989"}],"wp:term":[{"taxonomy":"product_brand","embeddable":true,"href":"https:\/\/eterle.cz\/eshop\/wp-json\/wp\/v2\/product_brand?post=22989"},{"taxonomy":"product_cat","embeddable":true,"href":"https:\/\/eterle.cz\/eshop\/wp-json\/wp\/v2\/product_cat?post=22989"},{"taxonomy":"product_tag","embeddable":true,"href":"https:\/\/eterle.cz\/eshop\/wp-json\/wp\/v2\/product_tag?post=22989"}],"curies":[{"name":"wp","href":"https:\/\/api.w.org\/{rel}","templated":true}]}}