{"id":23157,"date":"2025-02-04T21:16:44","date_gmt":"2025-02-04T20:16:44","guid":{"rendered":"https:\/\/eterle.cz\/eshop\/produkt\/funkcionalisticky-gauc-i\/"},"modified":"2026-02-18T21:32:09","modified_gmt":"2026-02-18T20:32:09","slug":"funkcionalisticky-gauc-i","status":"publish","type":"product","link":"https:\/\/eterle.cz\/eshop\/produkt\/funkcionalisticky-gauc-i\/","title":{"rendered":"Funkcionalistick\u00fd gau\u010d I"},"content":{"rendered":"<p>Minimalistick\u00fd chromov\u00fd gau\u010d z \u017e\u00e1dan\u00e9ho funkcionalistick\u00e9ho obdob\u00ed v kombinaci chromov\u00e9 konstrukce a d\u0159ev\u011bn\u00fdch v\u00fdpln\u00ed v \u010deln\u00edch \u010d\u00e1stech gau\u010de. Osobit\u00fd vzhled mu dod\u00e1te v\u00fdb\u011brem vlastn\u00edho \u010dalounen\u00ed dle stylu va\u0161eho interi\u00e9ru.<\/p>\n<p>Stav: dobr\u00fd, zachoval\u00fd stav<br \/>\nRozm\u011br<br \/>\nV\u00fd\u0161ka: 61 cm<br \/>\nD\u00e9lka: 195, vnit\u0159n\u00ed d\u00e9lka 190 cm<br \/>\nHloubka: 85 cm<\/p>\n<p>&nbsp;<\/p>\n","protected":false},"excerpt":{"rendered":"<p>Minimalistick\u00fd chromov\u00fd gau\u010d z \u017e\u00e1dan\u00e9ho funkcionalistick\u00e9ho obdob\u00ed v kombinaci chromov\u00e9 konstrukce a d\u0159ev\u011bn\u00fdch v\u00fdpln\u00ed v \u010deln\u00edch \u010d\u00e1stech gau\u010de. Osobit\u00fd vzhled<\/p>\n","protected":false},"featured_media":23158,"template":"","meta":[],"product_brand":[153],"product_cat":[91],"product_tag":[],"class_list":{"0":"post-23157","1":"product","2":"type-product","3":"status-publish","4":"has-post-thumbnail","6":"product_brand-eterle-cz","7":"product_cat-prodane","8":"product_shipping_class-nadrozmerne","10":"first","11":"outofstock","12":"purchasable","13":"product-type-simple"},"_links":{"self":[{"href":"https:\/\/eterle.cz\/eshop\/wp-json\/wp\/v2\/product\/23157","targetHints":{"allow":["GET"]}}],"collection":[{"href":"https:\/\/eterle.cz\/eshop\/wp-json\/wp\/v2\/product"}],"about":[{"href":"https:\/\/eterle.cz\/eshop\/wp-json\/wp\/v2\/types\/product"}],"version-history":[{"count":1,"href":"https:\/\/eterle.cz\/eshop\/wp-json\/wp\/v2\/product\/23157\/revisions"}],"predecessor-version":[{"id":25208,"href":"https:\/\/eterle.cz\/eshop\/wp-json\/wp\/v2\/product\/23157\/revisions\/25208"}],"wp:featuredmedia":[{"embeddable":true,"href":"https:\/\/eterle.cz\/eshop\/wp-json\/wp\/v2\/media\/23158"}],"wp:attachment":[{"href":"https:\/\/eterle.cz\/eshop\/wp-json\/wp\/v2\/media?parent=23157"}],"wp:term":[{"taxonomy":"product_brand","embeddable":true,"href":"https:\/\/eterle.cz\/eshop\/wp-json\/wp\/v2\/product_brand?post=23157"},{"taxonomy":"product_cat","embeddable":true,"href":"https:\/\/eterle.cz\/eshop\/wp-json\/wp\/v2\/product_cat?post=23157"},{"taxonomy":"product_tag","embeddable":true,"href":"https:\/\/eterle.cz\/eshop\/wp-json\/wp\/v2\/product_tag?post=23157"}],"curies":[{"name":"wp","href":"https:\/\/api.w.org\/{rel}","templated":true}]}}