{"id":23339,"date":"2025-02-04T21:21:18","date_gmt":"2025-02-04T20:21:18","guid":{"rendered":"https:\/\/eterle.cz\/eshop\/produkt\/sestava-f-jirak\/"},"modified":"2026-02-18T21:24:12","modified_gmt":"2026-02-18T20:24:12","slug":"sestava-f-jirak","status":"publish","type":"product","link":"https:\/\/eterle.cz\/eshop\/produkt\/sestava-f-jirak\/","title":{"rendered":"Sestava \/ F. Jir\u00e1k"},"content":{"rendered":"<p>Kr\u00e1sn\u00e1 ob\u00fdv\u00e1kov\u00e1 st\u011bna dle n\u00e1vrhu \u010desk\u00e9ho design\u00e9ra Franti\u0161ka Jir\u00e1ka. F. Jir\u00e1k pracoval mezi lety 1936-48 pod veden\u00edm Jind\u0159icha Halabaly ve Spojen\u00fdch um\u011bleckopr\u016fmyslov\u00fdch z\u00e1vodech v Brn\u011b. Pot\u00e9 se p\u0159est\u011bhoval do Bratislavy, kde se v podniku Tatra Pravenec pod\u00edlel na v\u00fdvoji nov\u00e9ho n\u00e1bytku zejm\u00e9na se soust\u0159edil na sedac\u00ed n\u00e1bytek a vybaven\u00ed ob\u00fdvac\u00edch pokoj\u016f.<\/p>\n<p>Stav: dobr\u00fd p\u016fvodn\u00ed, ze strany 3 d\u00edrky (asi od h\u00e1\u010dk\u016f), \u00fachyty na \u0161upl\u00edk\u00e1ch patina, v jednom \u0161upl\u00edku vy\u0159\u00edznut otvor. Horn\u00ed deska sk\u0159\u00ed\u0148ky m\u00e1 v\u011bt\u0161\u00ed mno\u017estv\u00ed flek\u016f od vody<br \/>\nZna\u010dka: Franti\u0161ek Jir\u00e1k<br \/>\nRozm\u011br<br \/>\nV\u00fd\u0161ka: 184,5 cm<br \/>\n\u0160\u00ed\u0159ka: 95 cm<br \/>\nHloubka: 42 cm<\/p>\n<p>&nbsp;<\/p>\n","protected":false},"excerpt":{"rendered":"<p>Kr\u00e1sn\u00e1 ob\u00fdv\u00e1kov\u00e1 st\u011bna dle n\u00e1vrhu \u010desk\u00e9ho design\u00e9ra Franti\u0161ka Jir\u00e1ka. F. Jir\u00e1k pracoval mezi lety 1936-48 pod veden\u00edm Jind\u0159icha Halabaly ve<\/p>\n","protected":false},"featured_media":23340,"template":"","meta":[],"product_brand":[153],"product_cat":[130,125],"product_tag":[],"class_list":{"0":"post-23339","1":"product","2":"type-product","3":"status-publish","4":"has-post-thumbnail","6":"product_brand-eterle-cz","7":"product_cat-nabytek","8":"product_cat-komody-a-skrine","9":"product_shipping_class-nadrozmerne","11":"first","12":"instock","13":"sale","14":"purchasable","15":"product-type-simple"},"_links":{"self":[{"href":"https:\/\/eterle.cz\/eshop\/wp-json\/wp\/v2\/product\/23339","targetHints":{"allow":["GET"]}}],"collection":[{"href":"https:\/\/eterle.cz\/eshop\/wp-json\/wp\/v2\/product"}],"about":[{"href":"https:\/\/eterle.cz\/eshop\/wp-json\/wp\/v2\/types\/product"}],"version-history":[{"count":3,"href":"https:\/\/eterle.cz\/eshop\/wp-json\/wp\/v2\/product\/23339\/revisions"}],"predecessor-version":[{"id":34371,"href":"https:\/\/eterle.cz\/eshop\/wp-json\/wp\/v2\/product\/23339\/revisions\/34371"}],"wp:featuredmedia":[{"embeddable":true,"href":"https:\/\/eterle.cz\/eshop\/wp-json\/wp\/v2\/media\/23340"}],"wp:attachment":[{"href":"https:\/\/eterle.cz\/eshop\/wp-json\/wp\/v2\/media?parent=23339"}],"wp:term":[{"taxonomy":"product_brand","embeddable":true,"href":"https:\/\/eterle.cz\/eshop\/wp-json\/wp\/v2\/product_brand?post=23339"},{"taxonomy":"product_cat","embeddable":true,"href":"https:\/\/eterle.cz\/eshop\/wp-json\/wp\/v2\/product_cat?post=23339"},{"taxonomy":"product_tag","embeddable":true,"href":"https:\/\/eterle.cz\/eshop\/wp-json\/wp\/v2\/product_tag?post=23339"}],"curies":[{"name":"wp","href":"https:\/\/api.w.org\/{rel}","templated":true}]}}