{"id":23434,"date":"2025-02-04T21:23:44","date_gmt":"2025-02-04T20:23:44","guid":{"rendered":"https:\/\/eterle.cz\/eshop\/produkt\/4-zidle-lizatka-halabala-cervena-svetla\/"},"modified":"2025-06-24T01:57:33","modified_gmt":"2025-06-23T23:57:33","slug":"4-zidle-lizatka-halabala-cervena-svetla","status":"publish","type":"product","link":"https:\/\/eterle.cz\/eshop\/produkt\/4-zidle-lizatka-halabala-cervena-svetla\/","title":{"rendered":"4 \u017eidle l\u00edz\u00e1tka \/ Halabala (\u010derven\u00e1 sv\u011btl\u00e1)"},"content":{"rendered":"<p>Staro\u017eitn\u00e9 j\u00eddeln\u00ed \u017eidle podle n\u00e1vrhu Jind\u0159icha Halabaly pro \u00daP z\u00e1vody. Jedn\u00e1 se o model H-214 tak\u00e9 p\u0159ezd\u00edvan\u00fd &#8222;l\u00edz\u00e1tka&#8220;. Halabalovo d\u00edlo je pova\u017eov\u00e1no za spojen\u00ed mezi inovativn\u00edm \u010desk\u00fdm kubismem z roku 1910, art decem z po\u010d\u00e1tku dvac\u00e1t\u00fdch let a evropsk\u00fdm modern\u00edm um\u011bn\u00edm po druh\u00e9 sv\u011btov\u00e9 v\u00e1lce. Jeho komer\u010dn\u011b \u00fasp\u011b\u0161n\u00e9 designy byly siln\u011b zalo\u017eeny na designu Bauhausu.<\/p>\n<p>Stav: nov\u011b pota\u017een\u00e9 l\u00e1tkou Kolovrat, dobr\u00fd p\u016fvodn\u00ed stav s drobn\u00fdmi nedostatky na d\u0159evu (patina)<br \/>\nZna\u010dka: Jind\u0159ich Halabala<br \/>\nRozm\u011br<br \/>\nV\u00fd\u0161ka: 82 cm<br \/>\n\u0160\u00ed\u0159ka: 45 cm<br \/>\nHloubka: 54 cm<\/p>\n<p>&nbsp;<\/p>\n","protected":false},"excerpt":{"rendered":"<p>Staro\u017eitn\u00e9 j\u00eddeln\u00ed \u017eidle podle n\u00e1vrhu Jind\u0159icha Halabaly pro \u00daP z\u00e1vody. Jedn\u00e1 se o model H-214 tak\u00e9 p\u0159ezd\u00edvan\u00fd &#8222;l\u00edz\u00e1tka&#8220;. Halabalovo d\u00edlo<\/p>\n","protected":false},"featured_media":23435,"template":"","meta":[],"product_brand":[153],"product_cat":[130,121],"product_tag":[],"class_list":{"0":"post-23434","1":"product","2":"type-product","3":"status-publish","4":"has-post-thumbnail","6":"product_brand-eterle-cz","7":"product_cat-nabytek","8":"product_cat-zidle","9":"product_shipping_class-nadrozmerne","11":"first","12":"instock","13":"purchasable","14":"product-type-simple"},"_links":{"self":[{"href":"https:\/\/eterle.cz\/eshop\/wp-json\/wp\/v2\/product\/23434","targetHints":{"allow":["GET"]}}],"collection":[{"href":"https:\/\/eterle.cz\/eshop\/wp-json\/wp\/v2\/product"}],"about":[{"href":"https:\/\/eterle.cz\/eshop\/wp-json\/wp\/v2\/types\/product"}],"version-history":[{"count":1,"href":"https:\/\/eterle.cz\/eshop\/wp-json\/wp\/v2\/product\/23434\/revisions"}],"predecessor-version":[{"id":25230,"href":"https:\/\/eterle.cz\/eshop\/wp-json\/wp\/v2\/product\/23434\/revisions\/25230"}],"wp:featuredmedia":[{"embeddable":true,"href":"https:\/\/eterle.cz\/eshop\/wp-json\/wp\/v2\/media\/23435"}],"wp:attachment":[{"href":"https:\/\/eterle.cz\/eshop\/wp-json\/wp\/v2\/media?parent=23434"}],"wp:term":[{"taxonomy":"product_brand","embeddable":true,"href":"https:\/\/eterle.cz\/eshop\/wp-json\/wp\/v2\/product_brand?post=23434"},{"taxonomy":"product_cat","embeddable":true,"href":"https:\/\/eterle.cz\/eshop\/wp-json\/wp\/v2\/product_cat?post=23434"},{"taxonomy":"product_tag","embeddable":true,"href":"https:\/\/eterle.cz\/eshop\/wp-json\/wp\/v2\/product_tag?post=23434"}],"curies":[{"name":"wp","href":"https:\/\/api.w.org\/{rel}","templated":true}]}}