{"id":23701,"date":"2025-02-05T14:44:56","date_gmt":"2025-02-05T13:44:56","guid":{"rendered":"https:\/\/eterle.cz\/eshop\/produkt\/rozkladaci-gauc-2\/"},"modified":"2025-06-24T01:57:31","modified_gmt":"2025-06-23T23:57:31","slug":"rozkladaci-gauc-2","status":"publish","type":"product","link":"https:\/\/eterle.cz\/eshop\/produkt\/rozkladaci-gauc-2\/","title":{"rendered":"Rozkl\u00e1dac\u00ed gau\u010d"},"content":{"rendered":"<p>Rozkl\u00e1dac\u00ed gau\u010d z 60.-70. let minul\u00e9ho stolet\u00ed vhodn\u00fd do men\u0161\u00edch prostor, hostinsk\u00e9ho nebo d\u011btsk\u00e9ho pokoje, kde jej snadno vyu\u017eijete p\u0159i d\u011btsk\u00fdch p\u0159esp\u00e1va\u010dk\u00e1ch.<\/p>\n<p>Stav: p\u016fvodn\u00ed zachoval\u00fd, horn\u00ed deska patina flek od vody a naru\u0161en\u00e1 d\u00fdha<br \/>\nRozm\u011br<br \/>\nV\u00fd\u0161ka: 81 cm<br \/>\n\u0160\u00ed\u0159ka: 167 cm, vnit\u0159n\u00ed 194 cm<br \/>\nHloubka: 107 cm<\/p>\n<p>&nbsp;<\/p>\n","protected":false},"excerpt":{"rendered":"<p>Rozkl\u00e1dac\u00ed gau\u010d z 60.-70. let minul\u00e9ho stolet\u00ed vhodn\u00fd do men\u0161\u00edch prostor, hostinsk\u00e9ho nebo d\u011btsk\u00e9ho pokoje, kde jej snadno vyu\u017eijete p\u0159i<\/p>\n","protected":false},"featured_media":23702,"template":"","meta":[],"product_brand":[153],"product_cat":[130,123],"product_tag":[],"class_list":{"0":"post-23701","1":"product","2":"type-product","3":"status-publish","4":"has-post-thumbnail","6":"product_brand-eterle-cz","7":"product_cat-nabytek","8":"product_cat-sofa","9":"product_shipping_class-nadrozmerne","11":"first","12":"instock","13":"purchasable","14":"product-type-simple"},"_links":{"self":[{"href":"https:\/\/eterle.cz\/eshop\/wp-json\/wp\/v2\/product\/23701","targetHints":{"allow":["GET"]}}],"collection":[{"href":"https:\/\/eterle.cz\/eshop\/wp-json\/wp\/v2\/product"}],"about":[{"href":"https:\/\/eterle.cz\/eshop\/wp-json\/wp\/v2\/types\/product"}],"version-history":[{"count":1,"href":"https:\/\/eterle.cz\/eshop\/wp-json\/wp\/v2\/product\/23701\/revisions"}],"predecessor-version":[{"id":25254,"href":"https:\/\/eterle.cz\/eshop\/wp-json\/wp\/v2\/product\/23701\/revisions\/25254"}],"wp:featuredmedia":[{"embeddable":true,"href":"https:\/\/eterle.cz\/eshop\/wp-json\/wp\/v2\/media\/23702"}],"wp:attachment":[{"href":"https:\/\/eterle.cz\/eshop\/wp-json\/wp\/v2\/media?parent=23701"}],"wp:term":[{"taxonomy":"product_brand","embeddable":true,"href":"https:\/\/eterle.cz\/eshop\/wp-json\/wp\/v2\/product_brand?post=23701"},{"taxonomy":"product_cat","embeddable":true,"href":"https:\/\/eterle.cz\/eshop\/wp-json\/wp\/v2\/product_cat?post=23701"},{"taxonomy":"product_tag","embeddable":true,"href":"https:\/\/eterle.cz\/eshop\/wp-json\/wp\/v2\/product_tag?post=23701"}],"curies":[{"name":"wp","href":"https:\/\/api.w.org\/{rel}","templated":true}]}}