{"id":23718,"date":"2025-02-05T14:45:22","date_gmt":"2025-02-05T13:45:22","guid":{"rendered":"https:\/\/eterle.cz\/eshop\/produkt\/konzolovy-stolek\/"},"modified":"2025-06-24T01:57:30","modified_gmt":"2025-06-23T23:57:30","slug":"konzolovy-stolek","status":"publish","type":"product","link":"https:\/\/eterle.cz\/eshop\/produkt\/konzolovy-stolek\/","title":{"rendered":"Konzolov\u00fd stolek"},"content":{"rendered":"<p>Staro\u017eitn\u00fd konzolov\u00fd stolek s \u0161upl\u00edkem bude vhodn\u00fdm prvkem do p\u0159eds\u00edn\u011b.<\/p>\n<p>Stav: d\u00edrky po mrtv\u00e9m \u010dervoto\u010di ji\u017e zalakovan\u00e9, p\u0159edn\u00ed noha od\u0159en\u00e1 viz foto<br \/>\nRozm\u011br<br \/>\nV\u00fd\u0161ka: 75 cm<br \/>\n\u0160\u00ed\u0159ka: 88 cm<br \/>\nHloubka: 30 cm<\/p>\n<p>&nbsp;<\/p>\n","protected":false},"excerpt":{"rendered":"<p>Staro\u017eitn\u00fd konzolov\u00fd stolek s \u0161upl\u00edkem bude vhodn\u00fdm prvkem do p\u0159eds\u00edn\u011b. Stav: d\u00edrky po mrtv\u00e9m \u010dervoto\u010di ji\u017e zalakovan\u00e9, p\u0159edn\u00ed noha od\u0159en\u00e1<\/p>\n","protected":false},"featured_media":23719,"template":"","meta":[],"product_brand":[153],"product_cat":[130,124],"product_tag":[],"class_list":{"0":"post-23718","1":"product","2":"type-product","3":"status-publish","4":"has-post-thumbnail","6":"product_brand-eterle-cz","7":"product_cat-nabytek","8":"product_cat-stoly","9":"product_shipping_class-nadrozmerne","11":"first","12":"instock","13":"purchasable","14":"product-type-simple"},"_links":{"self":[{"href":"https:\/\/eterle.cz\/eshop\/wp-json\/wp\/v2\/product\/23718","targetHints":{"allow":["GET"]}}],"collection":[{"href":"https:\/\/eterle.cz\/eshop\/wp-json\/wp\/v2\/product"}],"about":[{"href":"https:\/\/eterle.cz\/eshop\/wp-json\/wp\/v2\/types\/product"}],"version-history":[{"count":1,"href":"https:\/\/eterle.cz\/eshop\/wp-json\/wp\/v2\/product\/23718\/revisions"}],"predecessor-version":[{"id":25253,"href":"https:\/\/eterle.cz\/eshop\/wp-json\/wp\/v2\/product\/23718\/revisions\/25253"}],"wp:featuredmedia":[{"embeddable":true,"href":"https:\/\/eterle.cz\/eshop\/wp-json\/wp\/v2\/media\/23719"}],"wp:attachment":[{"href":"https:\/\/eterle.cz\/eshop\/wp-json\/wp\/v2\/media?parent=23718"}],"wp:term":[{"taxonomy":"product_brand","embeddable":true,"href":"https:\/\/eterle.cz\/eshop\/wp-json\/wp\/v2\/product_brand?post=23718"},{"taxonomy":"product_cat","embeddable":true,"href":"https:\/\/eterle.cz\/eshop\/wp-json\/wp\/v2\/product_cat?post=23718"},{"taxonomy":"product_tag","embeddable":true,"href":"https:\/\/eterle.cz\/eshop\/wp-json\/wp\/v2\/product_tag?post=23718"}],"curies":[{"name":"wp","href":"https:\/\/api.w.org\/{rel}","templated":true}]}}