{"id":23792,"date":"2025-02-05T14:47:31","date_gmt":"2025-02-05T13:47:31","guid":{"rendered":"https:\/\/eterle.cz\/eshop\/produkt\/lustr-zdvojene-ufo-napako\/"},"modified":"2025-06-09T23:46:51","modified_gmt":"2025-06-09T21:46:51","slug":"lustr-zdvojene-ufo-napako","status":"publish","type":"product","link":"https:\/\/eterle.cz\/eshop\/produkt\/lustr-zdvojene-ufo-napako\/","title":{"rendered":"Lustr zdvojen\u00e9 ufo \/ Napako"},"content":{"rendered":"<p>Ikonick\u00fd lustr &#8222;ufo&#8220; od v\u00fdrobce Napako poch\u00e1z\u00ed z obdob\u00ed funkcionalismu, 30. l\u00e9ta minul\u00e9ho stolet\u00ed. Byl zhotoven dle n\u00e1vrhu Josefa H\u016frky, kter\u00fd navrhl za svou kari\u00e9ru n\u011bkolik ikonick\u00fdch sv\u00edtidel. Tento lustr m\u00e1 zdvojen\u00fd lem, uvnit\u0159 nerezov\u00e9 konstrukce je je\u0161t\u011b jeden kovov\u00fd prstenec.<\/p>\n<p>Stav: velmi dobr\u00fd, elektroinstalace nov\u00e1, vrchn\u00ed kryt u stropu patina<br \/>\nZna\u010dka: Napako, Josef H\u016frka<br \/>\nRozm\u011br<br \/>\nV\u00fd\u0161ka: 68 cm<br \/>\nD\u00e9\u013aka ty\u010de: 60 cm<br \/>\nPr\u016fm\u011br: 52 cm<\/p>\n<p>Na 6 \u017e\u00e1rovek<\/p>\n<p>&nbsp;<\/p>\n","protected":false},"excerpt":{"rendered":"<p>Ikonick\u00fd lustr &#8222;ufo&#8220; od v\u00fdrobce Napako poch\u00e1z\u00ed z obdob\u00ed funkcionalismu, 30. l\u00e9ta minul\u00e9ho stolet\u00ed. Byl zhotoven dle n\u00e1vrhu Josefa H\u016frky,<\/p>\n","protected":false},"featured_media":23793,"template":"","meta":[],"product_brand":[153],"product_cat":[91],"product_tag":[],"class_list":{"0":"post-23792","1":"product","2":"type-product","3":"status-publish","4":"has-post-thumbnail","6":"product_brand-eterle-cz","7":"product_cat-prodane","8":"product_shipping_class-nadrozmerne","10":"first","11":"outofstock","12":"purchasable","13":"product-type-simple"},"_links":{"self":[{"href":"https:\/\/eterle.cz\/eshop\/wp-json\/wp\/v2\/product\/23792","targetHints":{"allow":["GET"]}}],"collection":[{"href":"https:\/\/eterle.cz\/eshop\/wp-json\/wp\/v2\/product"}],"about":[{"href":"https:\/\/eterle.cz\/eshop\/wp-json\/wp\/v2\/types\/product"}],"version-history":[{"count":1,"href":"https:\/\/eterle.cz\/eshop\/wp-json\/wp\/v2\/product\/23792\/revisions"}],"predecessor-version":[{"id":25248,"href":"https:\/\/eterle.cz\/eshop\/wp-json\/wp\/v2\/product\/23792\/revisions\/25248"}],"wp:featuredmedia":[{"embeddable":true,"href":"https:\/\/eterle.cz\/eshop\/wp-json\/wp\/v2\/media\/23793"}],"wp:attachment":[{"href":"https:\/\/eterle.cz\/eshop\/wp-json\/wp\/v2\/media?parent=23792"}],"wp:term":[{"taxonomy":"product_brand","embeddable":true,"href":"https:\/\/eterle.cz\/eshop\/wp-json\/wp\/v2\/product_brand?post=23792"},{"taxonomy":"product_cat","embeddable":true,"href":"https:\/\/eterle.cz\/eshop\/wp-json\/wp\/v2\/product_cat?post=23792"},{"taxonomy":"product_tag","embeddable":true,"href":"https:\/\/eterle.cz\/eshop\/wp-json\/wp\/v2\/product_tag?post=23792"}],"curies":[{"name":"wp","href":"https:\/\/api.w.org\/{rel}","templated":true}]}}