{"id":23847,"date":"2025-02-05T14:49:09","date_gmt":"2025-02-05T13:49:09","guid":{"rendered":"https:\/\/eterle.cz\/eshop\/produkt\/stolni-lampa-plastova\/"},"modified":"2025-11-09T00:35:41","modified_gmt":"2025-11-08T23:35:41","slug":"stolni-lampa-plastova","status":"publish","type":"product","link":"https:\/\/eterle.cz\/eshop\/produkt\/stolni-lampa-plastova\/","title":{"rendered":"Stoln\u00ed lampa plastov\u00e1"},"content":{"rendered":"<p>Plastov\u00e1 stojac\u00ed lampa ze 70. let minul\u00e9ho stolet\u00ed p\u016fvodem ze Skandin\u00e1vie.Materi\u00e1lem i tvarem p\u016fdob\u00ed modern\u00edm sou\u010dasn\u00fdm dojemem.<\/p>\n<p>Stav: zachoval\u00fd p\u016fvodn\u00ed, elektroinstalace nov\u00e1<br \/>\nRozm\u011br<br \/>\nV\u00fd\u0161ka: 50 cm<br \/>\nPr\u016fm\u011br: 29 cm<\/p>\n<p>&nbsp;<\/p>\n","protected":false},"excerpt":{"rendered":"<p>Plastov\u00e1 stojac\u00ed lampa ze 70. let minul\u00e9ho stolet\u00ed p\u016fvodem ze Skandin\u00e1vie.Materi\u00e1lem i tvarem p\u016fdob\u00ed modern\u00edm sou\u010dasn\u00fdm dojemem. Stav: zachoval\u00fd p\u016fvodn\u00ed,<\/p>\n","protected":false},"featured_media":23848,"template":"","meta":[],"product_brand":[153],"product_cat":[91],"product_tag":[],"class_list":{"0":"post-23847","1":"product","2":"type-product","3":"status-publish","4":"has-post-thumbnail","6":"product_brand-eterle-cz","7":"product_cat-prodane","8":"product_shipping_class-nadrozmerne","10":"first","11":"outofstock","12":"purchasable","13":"product-type-simple"},"_links":{"self":[{"href":"https:\/\/eterle.cz\/eshop\/wp-json\/wp\/v2\/product\/23847","targetHints":{"allow":["GET"]}}],"collection":[{"href":"https:\/\/eterle.cz\/eshop\/wp-json\/wp\/v2\/product"}],"about":[{"href":"https:\/\/eterle.cz\/eshop\/wp-json\/wp\/v2\/types\/product"}],"version-history":[{"count":1,"href":"https:\/\/eterle.cz\/eshop\/wp-json\/wp\/v2\/product\/23847\/revisions"}],"predecessor-version":[{"id":25241,"href":"https:\/\/eterle.cz\/eshop\/wp-json\/wp\/v2\/product\/23847\/revisions\/25241"}],"wp:featuredmedia":[{"embeddable":true,"href":"https:\/\/eterle.cz\/eshop\/wp-json\/wp\/v2\/media\/23848"}],"wp:attachment":[{"href":"https:\/\/eterle.cz\/eshop\/wp-json\/wp\/v2\/media?parent=23847"}],"wp:term":[{"taxonomy":"product_brand","embeddable":true,"href":"https:\/\/eterle.cz\/eshop\/wp-json\/wp\/v2\/product_brand?post=23847"},{"taxonomy":"product_cat","embeddable":true,"href":"https:\/\/eterle.cz\/eshop\/wp-json\/wp\/v2\/product_cat?post=23847"},{"taxonomy":"product_tag","embeddable":true,"href":"https:\/\/eterle.cz\/eshop\/wp-json\/wp\/v2\/product_tag?post=23847"}],"curies":[{"name":"wp","href":"https:\/\/api.w.org\/{rel}","templated":true}]}}