{"id":23882,"date":"2025-02-05T14:50:10","date_gmt":"2025-02-05T13:50:10","guid":{"rendered":"https:\/\/eterle.cz\/eshop\/produkt\/stolni-lampa-6\/"},"modified":"2025-03-30T22:37:00","modified_gmt":"2025-03-30T20:37:00","slug":"stolni-lampa-6","status":"publish","type":"product","link":"https:\/\/eterle.cz\/eshop\/produkt\/stolni-lampa-6\/","title":{"rendered":"Stoln\u00ed lampa"},"content":{"rendered":"<p>N\u00e1dhern\u00e1 funkcionalistick\u00e1 stoln\u00ed lampa stylov\u011b podobn\u00e1 lamp\u00e1m od Franti\u0161ka An\u00fd\u017ee. Lampa je velmi elegantn\u00ed a nad\u010dasov\u00e1.<\/p>\n<p>Stav: dobr\u00fd, elektroinstalace nov\u00e1, nepatrn\u00e1 patina na z\u00e1kladn\u011b<br \/>\nRozm\u011br<br \/>\nV\u00fd\u0161ka: 46 cm<br \/>\nPr\u016fm\u011br: 34 cm<\/p>\n<p>&nbsp;<\/p>\n","protected":false},"excerpt":{"rendered":"<p>N\u00e1dhern\u00e1 funkcionalistick\u00e1 stoln\u00ed lampa stylov\u011b podobn\u00e1 lamp\u00e1m od Franti\u0161ka An\u00fd\u017ee. Lampa je velmi elegantn\u00ed a nad\u010dasov\u00e1. Stav: dobr\u00fd, elektroinstalace nov\u00e1,<\/p>\n","protected":false},"featured_media":23883,"template":"","meta":[],"product_brand":[153],"product_cat":[91],"product_tag":[],"class_list":{"0":"post-23882","1":"product","2":"type-product","3":"status-publish","4":"has-post-thumbnail","6":"product_brand-eterle-cz","7":"product_cat-prodane","8":"product_shipping_class-nadrozmerne","10":"first","11":"outofstock","12":"purchasable","13":"product-type-simple"},"_links":{"self":[{"href":"https:\/\/eterle.cz\/eshop\/wp-json\/wp\/v2\/product\/23882","targetHints":{"allow":["GET"]}}],"collection":[{"href":"https:\/\/eterle.cz\/eshop\/wp-json\/wp\/v2\/product"}],"about":[{"href":"https:\/\/eterle.cz\/eshop\/wp-json\/wp\/v2\/types\/product"}],"version-history":[{"count":0,"href":"https:\/\/eterle.cz\/eshop\/wp-json\/wp\/v2\/product\/23882\/revisions"}],"wp:featuredmedia":[{"embeddable":true,"href":"https:\/\/eterle.cz\/eshop\/wp-json\/wp\/v2\/media\/23883"}],"wp:attachment":[{"href":"https:\/\/eterle.cz\/eshop\/wp-json\/wp\/v2\/media?parent=23882"}],"wp:term":[{"taxonomy":"product_brand","embeddable":true,"href":"https:\/\/eterle.cz\/eshop\/wp-json\/wp\/v2\/product_brand?post=23882"},{"taxonomy":"product_cat","embeddable":true,"href":"https:\/\/eterle.cz\/eshop\/wp-json\/wp\/v2\/product_cat?post=23882"},{"taxonomy":"product_tag","embeddable":true,"href":"https:\/\/eterle.cz\/eshop\/wp-json\/wp\/v2\/product_tag?post=23882"}],"curies":[{"name":"wp","href":"https:\/\/api.w.org\/{rel}","templated":true}]}}