{"id":23920,"date":"2025-02-11T19:14:06","date_gmt":"2025-02-11T18:14:06","guid":{"rendered":"https:\/\/eterle.cz\/eshop\/produkt\/vajecnik-rosenthal-2\/"},"modified":"2025-06-24T01:57:28","modified_gmt":"2025-06-23T23:57:28","slug":"vajecnik-rosenthal-2","status":"publish","type":"product","link":"https:\/\/eterle.cz\/eshop\/produkt\/vajecnik-rosenthal-2\/","title":{"rendered":"Vaje\u010dn\u00edk\/ Rosenthal"},"content":{"rendered":"<p>Vaje\u010dn\u00edk od n\u011bmeck\u00e9 porcel\u00e1nky Rosenthal z kolekce Maria jeho\u017e sou\u010d\u00e1st\u00ed je praktick\u00fd tal\u00ed\u0159ek na sko\u0159\u00e1pky. Tato kolekce vznikla jako pocta man\u017eelce Philippa Rosenthala. L\u00e1ska k jeho \u017een\u011b Marii byla natolik v\u00fdjime\u010dn\u00e1, \u017ee vytvo\u0159il porcel\u00e1nov\u00fd servis a pojmenoval ho po ni. Maria se stala nejprod\u00e1van\u011bj\u0161\u00ed kolekc\u00ed Rosenthal a st\u00e1le je jedna z nejv\u00fdznamn\u011bj\u0161\u00edch \u0159ad v dne\u0161n\u00edm sortimentu zna\u010dky.<\/p>\n<p>Stav: nov\u00fd<br \/>\nZna\u010dka: Rosenthal<br \/>\nRozm\u011br<br \/>\nV\u00fd\u0161ka: 8 cm<\/p>\n<p>&nbsp;<\/p>\n","protected":false},"excerpt":{"rendered":"<p>Vaje\u010dn\u00edk od n\u011bmeck\u00e9 porcel\u00e1nky Rosenthal z kolekce Maria jeho\u017e sou\u010d\u00e1st\u00ed je praktick\u00fd tal\u00ed\u0159ek na sko\u0159\u00e1pky. Tato kolekce vznikla jako pocta<\/p>\n","protected":false},"featured_media":23921,"template":"","meta":[],"product_brand":[153],"product_cat":[76,113,101],"product_tag":[],"class_list":{"0":"post-23920","1":"product","2":"type-product","3":"status-publish","4":"has-post-thumbnail","6":"product_brand-eterle-cz","7":"product_cat-porcelan","8":"product_cat-ostatni","9":"product_cat-rosenthal","11":"first","12":"instock","13":"purchasable","14":"product-type-simple"},"_links":{"self":[{"href":"https:\/\/eterle.cz\/eshop\/wp-json\/wp\/v2\/product\/23920","targetHints":{"allow":["GET"]}}],"collection":[{"href":"https:\/\/eterle.cz\/eshop\/wp-json\/wp\/v2\/product"}],"about":[{"href":"https:\/\/eterle.cz\/eshop\/wp-json\/wp\/v2\/types\/product"}],"version-history":[{"count":1,"href":"https:\/\/eterle.cz\/eshop\/wp-json\/wp\/v2\/product\/23920\/revisions"}],"predecessor-version":[{"id":25237,"href":"https:\/\/eterle.cz\/eshop\/wp-json\/wp\/v2\/product\/23920\/revisions\/25237"}],"wp:featuredmedia":[{"embeddable":true,"href":"https:\/\/eterle.cz\/eshop\/wp-json\/wp\/v2\/media\/23921"}],"wp:attachment":[{"href":"https:\/\/eterle.cz\/eshop\/wp-json\/wp\/v2\/media?parent=23920"}],"wp:term":[{"taxonomy":"product_brand","embeddable":true,"href":"https:\/\/eterle.cz\/eshop\/wp-json\/wp\/v2\/product_brand?post=23920"},{"taxonomy":"product_cat","embeddable":true,"href":"https:\/\/eterle.cz\/eshop\/wp-json\/wp\/v2\/product_cat?post=23920"},{"taxonomy":"product_tag","embeddable":true,"href":"https:\/\/eterle.cz\/eshop\/wp-json\/wp\/v2\/product_tag?post=23920"}],"curies":[{"name":"wp","href":"https:\/\/api.w.org\/{rel}","templated":true}]}}