{"id":24012,"date":"2025-02-11T19:16:40","date_gmt":"2025-02-11T18:16:40","guid":{"rendered":"https:\/\/eterle.cz\/eshop\/produkt\/dzban-na-pivo\/"},"modified":"2025-12-01T00:14:45","modified_gmt":"2025-11-30T23:14:45","slug":"dzban-na-pivo","status":"publish","type":"product","link":"https:\/\/eterle.cz\/eshop\/produkt\/dzban-na-pivo\/","title":{"rendered":"D\u017eb\u00e1n na pivo"},"content":{"rendered":"<p>Tlustost\u011bnn\u00fd porcel\u00e1nov\u00fd p\u016flitr, kter\u00fd v\u00e1m zachov\u00e1 teplotu n\u00e1poje po del\u0161\u00ed dobu.<\/p>\n<p>Stav: nov\u00fd<br \/>\nRozm\u011br<br \/>\nV\u00fd\u0161ka: 15,5 cm<br \/>\nObjem:<\/p>\n<p>&nbsp;<\/p>\n","protected":false},"excerpt":{"rendered":"<p>Tlustost\u011bnn\u00fd porcel\u00e1nov\u00fd p\u016flitr, kter\u00fd v\u00e1m zachov\u00e1 teplotu n\u00e1poje po del\u0161\u00ed dobu. Stav: nov\u00fd Rozm\u011br V\u00fd\u0161ka: 15,5 cm Objem: &nbsp;<\/p>\n","protected":false},"featured_media":24013,"template":"","meta":[],"product_brand":[153],"product_cat":[91],"product_tag":[],"class_list":{"0":"post-24012","1":"product","2":"type-product","3":"status-publish","4":"has-post-thumbnail","6":"product_brand-eterle-cz","7":"product_cat-prodane","9":"first","10":"outofstock","11":"purchasable","12":"product-type-simple"},"_links":{"self":[{"href":"https:\/\/eterle.cz\/eshop\/wp-json\/wp\/v2\/product\/24012","targetHints":{"allow":["GET"]}}],"collection":[{"href":"https:\/\/eterle.cz\/eshop\/wp-json\/wp\/v2\/product"}],"about":[{"href":"https:\/\/eterle.cz\/eshop\/wp-json\/wp\/v2\/types\/product"}],"version-history":[{"count":1,"href":"https:\/\/eterle.cz\/eshop\/wp-json\/wp\/v2\/product\/24012\/revisions"}],"predecessor-version":[{"id":25258,"href":"https:\/\/eterle.cz\/eshop\/wp-json\/wp\/v2\/product\/24012\/revisions\/25258"}],"wp:featuredmedia":[{"embeddable":true,"href":"https:\/\/eterle.cz\/eshop\/wp-json\/wp\/v2\/media\/24013"}],"wp:attachment":[{"href":"https:\/\/eterle.cz\/eshop\/wp-json\/wp\/v2\/media?parent=24012"}],"wp:term":[{"taxonomy":"product_brand","embeddable":true,"href":"https:\/\/eterle.cz\/eshop\/wp-json\/wp\/v2\/product_brand?post=24012"},{"taxonomy":"product_cat","embeddable":true,"href":"https:\/\/eterle.cz\/eshop\/wp-json\/wp\/v2\/product_cat?post=24012"},{"taxonomy":"product_tag","embeddable":true,"href":"https:\/\/eterle.cz\/eshop\/wp-json\/wp\/v2\/product_tag?post=24012"}],"curies":[{"name":"wp","href":"https:\/\/api.w.org\/{rel}","templated":true}]}}