{"id":24133,"date":"2025-02-11T19:20:13","date_gmt":"2025-02-11T18:20:13","guid":{"rendered":"https:\/\/eterle.cz\/eshop\/produkt\/sada-sklenic-na-liker-2\/"},"modified":"2025-06-24T01:57:23","modified_gmt":"2025-06-23T23:57:23","slug":"sada-sklenic-na-liker-2","status":"publish","type":"product","link":"https:\/\/eterle.cz\/eshop\/produkt\/sada-sklenic-na-liker-2\/","title":{"rendered":"Sada sklenic na lik\u00e9r"},"content":{"rendered":"<p>Sada sklenic na lik\u00e9r se zaj\u00edmav\u00fdm zdoben\u00edm na stonce p\u0159imom\u00ednaj\u00edc\u00ed pe\u010de\u0165.<\/p>\n<p>Stav: velmi dobr\u00fd<br \/>\nRozm\u011br<br \/>\nV\u00fd\u0161ka: 11 cm<br \/>\nObjem: 50 ml<\/p>\n<p>&nbsp;<\/p>\n","protected":false},"excerpt":{"rendered":"<p>Sada sklenic na lik\u00e9r se zaj\u00edmav\u00fdm zdoben\u00edm na stonce p\u0159imom\u00ednaj\u00edc\u00ed pe\u010de\u0165. Stav: velmi dobr\u00fd Rozm\u011br V\u00fd\u0161ka: 11 cm Objem: 50<\/p>\n","protected":false},"featured_media":24134,"template":"","meta":[],"product_brand":[153],"product_cat":[75,134],"product_tag":[],"class_list":{"0":"post-24133","1":"product","2":"type-product","3":"status-publish","4":"has-post-thumbnail","6":"product_brand-eterle-cz","7":"product_cat-sklo","8":"product_cat-sklenice","10":"first","11":"instock","12":"purchasable","13":"product-type-simple"},"_links":{"self":[{"href":"https:\/\/eterle.cz\/eshop\/wp-json\/wp\/v2\/product\/24133","targetHints":{"allow":["GET"]}}],"collection":[{"href":"https:\/\/eterle.cz\/eshop\/wp-json\/wp\/v2\/product"}],"about":[{"href":"https:\/\/eterle.cz\/eshop\/wp-json\/wp\/v2\/types\/product"}],"version-history":[{"count":1,"href":"https:\/\/eterle.cz\/eshop\/wp-json\/wp\/v2\/product\/24133\/revisions"}],"predecessor-version":[{"id":25167,"href":"https:\/\/eterle.cz\/eshop\/wp-json\/wp\/v2\/product\/24133\/revisions\/25167"}],"wp:featuredmedia":[{"embeddable":true,"href":"https:\/\/eterle.cz\/eshop\/wp-json\/wp\/v2\/media\/24134"}],"wp:attachment":[{"href":"https:\/\/eterle.cz\/eshop\/wp-json\/wp\/v2\/media?parent=24133"}],"wp:term":[{"taxonomy":"product_brand","embeddable":true,"href":"https:\/\/eterle.cz\/eshop\/wp-json\/wp\/v2\/product_brand?post=24133"},{"taxonomy":"product_cat","embeddable":true,"href":"https:\/\/eterle.cz\/eshop\/wp-json\/wp\/v2\/product_cat?post=24133"},{"taxonomy":"product_tag","embeddable":true,"href":"https:\/\/eterle.cz\/eshop\/wp-json\/wp\/v2\/product_tag?post=24133"}],"curies":[{"name":"wp","href":"https:\/\/api.w.org\/{rel}","templated":true}]}}